Last updated on 2025-10-22 09:50:38 CEST.
Flavor | Version | Tinstall | Tcheck | Ttotal | Status | Flags |
---|---|---|---|---|---|---|
r-devel-linux-x86_64-debian-clang | 1.3.5.1 | 7.02 | 79.13 | 86.15 | NOTE | |
r-devel-linux-x86_64-debian-gcc | 1.3.5.1 | 5.10 | 57.65 | 62.75 | NOTE | |
r-devel-linux-x86_64-fedora-clang | 1.3.5.1 | 17.00 | 114.01 | 131.01 | OK | |
r-devel-linux-x86_64-fedora-gcc | 1.3.5.1 | 18.00 | 121.65 | 139.65 | OK | |
r-devel-windows-x86_64 | 1.3.5.1 | 11.00 | 96.00 | 107.00 | OK | |
r-patched-linux-x86_64 | 1.3.5.1 | 8.20 | 73.91 | 82.11 | OK | |
r-release-linux-x86_64 | 1.3.5.1 | 7.40 | 74.57 | 81.97 | OK | |
r-release-macos-arm64 | 1.3.5.1 | 3.00 | 37.00 | 40.00 | OK | |
r-release-macos-x86_64 | 1.3.5.1 | 8.00 | 68.00 | 76.00 | OK | |
r-release-windows-x86_64 | 1.3.5.1 | 10.00 | 97.00 | 107.00 | OK | |
r-oldrel-macos-arm64 | 1.3.5.1 | 3.00 | 39.00 | 42.00 | OK | |
r-oldrel-macos-x86_64 | 1.3.5.1 | 6.00 | 76.00 | 82.00 | OK | |
r-oldrel-windows-x86_64 | 1.3.5.1 | 14.00 | 114.00 | 128.00 | OK |
Version: 1.3.5.1
Check: HTML version of manual
Result: NOTE
Found the following HTML validation problems:
label_wrap_mod.html:52:1 (label_wrap_mod.Rd:14): Warning: missing </ul> before </div>
likert.histogram.plot.html:124:1 (likert.histogram.plot.Rd:58): Warning: missing </ul> before </div>
likert.matrix.plot.html:56:1 (likert.matrix.plot.Rd:16): Warning: missing </ul> before </div>
likert.options.html:155:1 (likert.options.Rd:79): Warning: missing </ul> before </div>
print.likert.html:51:1 (print.likert.Rd:12): Warning: missing </ul> before </div>
print.likert.bar.plot.html:57:1 (print.likert.bar.plot.Rd:15): Warning: missing </ul> before </div>
print.likert.gap.html:51:1 (print.likert.gap.Rd:12): Warning: missing </ul> before </div>
print.likert.heat.plot.html:51:1 (print.likert.heat.plot.Rd:12): Warning: missing </ul> before </div>
print.xlikert.html:59:1 (print.xlikert.Rd:16): Warning: missing </ul> before </div>
summary.likert.html:70:1 (summary.likert.Rd:21): Warning: missing </ul> before </div>
Flavors: r-devel-linux-x86_64-debian-clang, r-devel-linux-x86_64-debian-gcc