CRAN Package Check Results for Package lintr

Last updated on 2025-10-22 09:50:38 CEST.

Flavor Version Tinstall Tcheck Ttotal Status Flags
r-devel-linux-x86_64-debian-clang 3.2.0 12.63 244.60 257.23 NOTE
r-devel-linux-x86_64-debian-gcc 3.2.0 8.01 173.98 181.99 NOTE
r-devel-linux-x86_64-fedora-clang 3.2.0 28.00 382.70 410.70 OK
r-devel-linux-x86_64-fedora-gcc 3.2.0 25.00 373.81 398.81 OK
r-devel-windows-x86_64 3.2.0 14.00 349.00 363.00 OK
r-patched-linux-x86_64 3.2.0 13.89 223.49 237.38 OK
r-release-linux-x86_64 3.2.0 11.57 228.02 239.59 OK
r-release-macos-arm64 3.2.0 7.00 284.00 291.00 OK
r-release-macos-x86_64 3.2.0 11.00 629.00 640.00 OK
r-release-windows-x86_64 3.2.0 14.00 338.00 352.00 OK
r-oldrel-macos-arm64 3.2.0 4.00 312.00 316.00 OK
r-oldrel-macos-x86_64 3.2.0 18.00 688.00 706.00 OK
r-oldrel-windows-x86_64 3.2.0 18.00 421.00 439.00 OK

Check Details

Version: 3.2.0
Check: DESCRIPTION meta-information
Result: NOTE Author field differs from that derived from Authors@R Author: ‘Jim Hester [aut], Florent Angly [aut] (fangly), Russ Hyde [aut], Michael Chirico [aut, cre], Kun Ren [aut], Alexander Rosenstock [aut] (AshesITR), Indrajeet Patil [aut] (<https://orcid.org/0000-0003-1995-6531>, @patilindrajeets)’ Authors@R: ‘Jim Hester [aut], Florent Angly [aut] (fangly), Russ Hyde [aut], Michael Chirico [aut, cre], Kun Ren [aut], Alexander Rosenstock [aut] (AshesITR), Indrajeet Patil [aut] (ORCID: <https://orcid.org/0000-0003-1995-6531>, Twitter: @patilindrajeets)’ Flavors: r-devel-linux-x86_64-debian-clang, r-devel-linux-x86_64-debian-gcc

Version: 3.2.0
Check: HTML version of manual
Result: NOTE Found the following HTML validation problems: checkstyle_output.html:50:1 (checkstyle_output.Rd:12): Warning: missing </ul> before </div> expect_lint_free.html:48:1 (expect_lint_free.Rd:10): Warning: missing </ul> before </div> sarif_output.html:50:1 (sarif_output.Rd:12): Warning: missing </ul> before </div> Flavors: r-devel-linux-x86_64-debian-clang, r-devel-linux-x86_64-debian-gcc