CRAN Package Check Results for Package liteq

Last updated on 2025-10-22 09:50:38 CEST.

Flavor Version Tinstall Tcheck Ttotal Status Flags
r-devel-linux-x86_64-debian-clang 1.1.0 3.67 39.47 43.14 NOTE
r-devel-linux-x86_64-debian-gcc 1.1.0 3.22 30.44 33.66 NOTE
r-devel-linux-x86_64-fedora-clang 1.1.0 11.00 55.94 66.94 OK
r-devel-linux-x86_64-fedora-gcc 1.1.0 61.35 OK
r-devel-windows-x86_64 1.1.0 6.00 58.00 64.00 OK
r-patched-linux-x86_64 1.1.0 4.33 37.16 41.49 OK
r-release-linux-x86_64 1.1.0 4.24 36.76 41.00 OK
r-release-macos-arm64 1.1.0 3.00 31.00 34.00 OK
r-release-macos-x86_64 1.1.0 5.00 38.00 43.00 OK
r-release-windows-x86_64 1.1.0 6.00 58.00 64.00 OK
r-oldrel-macos-arm64 1.1.0 2.00 20.00 22.00 NOTE
r-oldrel-macos-x86_64 1.1.0 3.00 30.00 33.00 NOTE
r-oldrel-windows-x86_64 1.1.0 8.00 66.00 74.00 NOTE

Check Details

Version: 1.1.0
Check: CRAN incoming feasibility
Result: NOTE Maintainer: ‘Gábor Csárdi <csardi.gabor@gmail.com>’ No Authors@R field in DESCRIPTION. Please add one, modifying Authors@R: person(given = "Gábor", family = "Csárdi", role = c("aut", "cre"), email = "csardi.gabor@gmail.com") as necessary. Flavors: r-devel-linux-x86_64-debian-clang, r-devel-linux-x86_64-debian-gcc

Version: 1.1.0
Check: HTML version of manual
Result: NOTE Found the following HTML validation problems: db_ack.html:63:1 (db_ack.Rd:18): Warning: missing </ul> before </div> db_consume.html:48:1 (db_consume.Rd:10): Warning: missing </ul> before </div> db_create_queue.html:91:1 (db_create_queue.Rd:20): Warning: missing </ul> before </div> ensure_db.html:46:1 (ensure_db.Rd:10): Warning: missing </ul> before </div> Flavors: r-devel-linux-x86_64-debian-clang, r-devel-linux-x86_64-debian-gcc

Version: 1.1.0
Check: LazyData
Result: NOTE 'LazyData' is specified without a 'data' directory Flavors: r-oldrel-macos-arm64, r-oldrel-macos-x86_64, r-oldrel-windows-x86_64