Last updated on 2025-07-04 09:49:55 CEST.
Flavor | Version | Tinstall | Tcheck | Ttotal | Status | Flags |
---|---|---|---|---|---|---|
r-devel-linux-x86_64-debian-clang | 2.9.8 | 107.21 | 54.10 | 161.31 | OK | |
r-devel-linux-x86_64-debian-gcc | 2.9.8 | 70.01 | 39.89 | 109.90 | OK | |
r-devel-linux-x86_64-fedora-clang | 2.9.8 | 332.20 | OK | |||
r-devel-linux-x86_64-fedora-gcc | 2.9.8 | 286.94 | OK | |||
r-devel-windows-x86_64 | 2.9.8 | 122.00 | 123.00 | 245.00 | OK | |
r-patched-linux-x86_64 | 2.9.8 | 100.67 | 51.38 | 152.05 | OK | |
r-release-linux-x86_64 | 2.9.8 | 97.54 | 51.58 | 149.12 | OK | |
r-release-macos-arm64 | 2.9.8 | 71.00 | OK | |||
r-release-macos-x86_64 | 2.9.8 | 106.00 | OK | |||
r-release-windows-x86_64 | 2.9.8 | 115.00 | 124.00 | 239.00 | OK | |
r-oldrel-macos-arm64 | 2.9.8 | 88.00 | OK | |||
r-oldrel-macos-x86_64 | 2.9.8 | 120.00 | NOTE | |||
r-oldrel-windows-x86_64 | 2.9.8 | 128.00 | 135.00 | 263.00 | OK |
Version: 2.9.8
Check: installed package size
Result: NOTE
installed size is 5.1Mb
sub-directories of 1Mb or more:
libs 4.7Mb
Flavor: r-oldrel-macos-x86_64