CRAN Package Check Results for Package longRPart2

Last updated on 2025-10-22 09:50:39 CEST.

Flavor Version Tinstall Tcheck Ttotal Status Flags
r-devel-linux-x86_64-debian-clang 0.2.3 8.12 58.66 66.78 NOTE
r-devel-linux-x86_64-debian-gcc 0.2.3 4.78 43.80 48.58 NOTE
r-devel-linux-x86_64-fedora-clang 0.2.3 20.00 85.52 105.52 OK
r-devel-linux-x86_64-fedora-gcc 0.2.3 17.00 82.39 99.39 OK
r-devel-windows-x86_64 0.2.3 10.00 70.00 80.00 OK
r-patched-linux-x86_64 0.2.3 7.29 55.85 63.14 OK
r-release-linux-x86_64 0.2.3 7.79 55.21 63.00 OK
r-release-macos-arm64 0.2.3 4.00 30.00 34.00 OK
r-release-macos-x86_64 0.2.3 7.00 41.00 48.00 OK
r-release-windows-x86_64 0.2.3 11.00 70.00 81.00 OK
r-oldrel-macos-arm64 0.2.3 3.00 25.00 28.00 OK
r-oldrel-macos-x86_64 0.2.3 6.00 39.00 45.00 OK
r-oldrel-windows-x86_64 0.2.3 14.00 86.00 100.00 OK

Check Details

Version: 0.2.3
Check: CRAN incoming feasibility
Result: NOTE Maintainer: ‘Ross Jacobucci <rcjacobuc@gmail.com>’ No Authors@R field in DESCRIPTION. Please add one, modifying Authors@R: c(person(given = "Ross", family = "Jacobucci", role = c("aut", "cre"), email = "rcjacobuc@gmail.com"), person(given = "Sam", family = "Stewart", role = "aut"), person(given = "Mohamed", family = "Abdolell", role = "aut"), person(given = "Sarfaraz", family = "Serang", role = "ctb"), person(given = "Gabriela", family = "Stegmann", role = "ctb")) as necessary. Flavors: r-devel-linux-x86_64-debian-clang, r-devel-linux-x86_64-debian-gcc

Version: 0.2.3
Check: HTML version of manual
Result: NOTE Found the following HTML validation problems: lrpPlot.html:58:1 (lrpPlot.Rd:16): Warning: missing </ul> before </div> plot.lrp.html:51:1 (plot.lrp.Rd:12): Warning: missing </ul> before </div> summary.lrp.html:51:1 (summary.lrp.Rd:12): Warning: missing </ul> before </div> Flavors: r-devel-linux-x86_64-debian-clang, r-devel-linux-x86_64-debian-gcc