Last updated on 2025-10-22 09:50:39 CEST.
Flavor | Version | Tinstall | Tcheck | Ttotal | Status | Flags |
---|---|---|---|---|---|---|
r-devel-linux-x86_64-debian-clang | 0.2 | 6.21 | 42.93 | 49.14 | NOTE | |
r-devel-linux-x86_64-debian-gcc | 0.2 | 3.93 | 29.96 | 33.89 | NOTE | |
r-devel-linux-x86_64-fedora-clang | 0.2 | 15.00 | 57.44 | 72.44 | OK | |
r-devel-linux-x86_64-fedora-gcc | 0.2 | 12.00 | 56.87 | 68.87 | OK | |
r-devel-windows-x86_64 | 0.2 | 7.00 | 54.00 | 61.00 | OK | |
r-patched-linux-x86_64 | 0.2 | 6.00 | 39.02 | 45.02 | OK | |
r-release-linux-x86_64 | 0.2 | 5.66 | 38.66 | 44.32 | OK | |
r-release-macos-arm64 | 0.2 | 3.00 | 26.00 | 29.00 | OK | |
r-release-macos-x86_64 | 0.2 | 5.00 | 36.00 | 41.00 | OK | |
r-release-windows-x86_64 | 0.2 | 8.00 | 55.00 | 63.00 | OK | |
r-oldrel-macos-arm64 | 0.2 | 3.00 | 21.00 | 24.00 | OK | |
r-oldrel-macos-x86_64 | 0.2 | 4.00 | 30.00 | 34.00 | OK | |
r-oldrel-windows-x86_64 | 0.2 | 12.00 | 65.00 | 77.00 | OK |
Version: 0.2
Check: CRAN incoming feasibility
Result: NOTE
Maintainer: ‘Zhuowei Sun <sunzw21@mails.jlu.edu.cn>’
The Description field contains
this package: Sun, Z. et al. (2023) <arXiv:2305.17715> and Liu, C. et
al. (2023) <arXiv:2305.17662>.
Please refer to arXiv e-prints via their arXiv DOI <doi:10.48550/arXiv.YYMM.NNNNN>.
Flavors: r-devel-linux-x86_64-debian-clang, r-devel-linux-x86_64-debian-gcc