Last updated on 2025-10-22 09:50:39 CEST.
Flavor | Version | Tinstall | Tcheck | Ttotal | Status | Flags |
---|---|---|---|---|---|---|
r-devel-linux-x86_64-debian-clang | 1.3.5 | 20.43 | 282.83 | 303.26 | NOTE | |
r-devel-linux-x86_64-debian-gcc | 1.3.5 | 15.03 | 209.96 | 224.99 | NOTE | |
r-devel-linux-x86_64-fedora-clang | 1.3.5 | 119.00 | 406.93 | 525.93 | OK | |
r-devel-linux-x86_64-fedora-gcc | 1.3.5 | 43.00 | 456.39 | 499.39 | OK | |
r-devel-windows-x86_64 | 1.3.5 | 19.00 | 460.00 | 479.00 | OK | |
r-patched-linux-x86_64 | 1.3.5 | 22.19 | 274.57 | 296.76 | OK | |
r-release-linux-x86_64 | 1.3.5 | 22.07 | 275.27 | 297.34 | OK | |
r-release-macos-arm64 | 1.3.5 | 19.00 | 274.00 | 293.00 | OK | |
r-release-macos-x86_64 | 1.3.5 | 23.00 | 479.00 | 502.00 | OK | |
r-release-windows-x86_64 | 1.3.5 | 20.00 | 305.00 | 325.00 | OK | |
r-oldrel-macos-arm64 | 1.3.5 | 19.00 | 275.00 | 294.00 | OK | |
r-oldrel-macos-x86_64 | 1.3.5 | 22.00 | 528.00 | 550.00 | OK | |
r-oldrel-windows-x86_64 | 1.3.5 | 28.00 | 342.00 | 370.00 | OK |
Version: 1.3.5
Check: HTML version of manual
Result: NOTE
Found the following HTML validation problems:
geom_imageGlyph-deprecated.html:230:1 (geom_imageGlyph-deprecated.Rd:143): Warning: missing </ul> before </div>
geom_pointrangeGlyph-deprecated.html:200:1 (geom_pointrangeGlyph-deprecated.Rd:120): Warning: missing </ul> before </div>
geom_serialAxesGlyph-deprecated.html:232:1 (geom_serialAxesGlyph-deprecated.Rd:140): Warning: missing </ul> before </div>
geom_textGlyph-deprecated.html:185:1 (geom_textGlyph-deprecated.Rd:111): Warning: missing </ul> before </div>
get_scaledData.html:75:1 (get_scaledData.Rd:29): Warning: missing </ul> before </div>
is.CoordPolar.html:46:1 (is.CoordPolar.Rd:10): Warning: missing </ul> before </div>
is.l_ggplot.html:46:1 (is.l_ggplot.Rd:10): Warning: missing </ul> before </div>
itemLabel-deprecated.html:52:1 (itemLabel-deprecated.Rd:15): Warning: missing </ul> before </div>
lggplot-deprecated.html:60:1 (lggplot-deprecated.Rd:19): Warning: missing </ul> before </div>
loonLayer.html:84:1 (loonLayer.Rd:33): Warning: missing </ul> before </div>
selecting-deprecated.html:60:1 (selecting-deprecated.Rd:21): Warning: missing </ul> before </div>
Flavors: r-devel-linux-x86_64-debian-clang, r-devel-linux-x86_64-debian-gcc