Last updated on 2025-10-21 09:48:37 CEST.
Flavor | Version | Tinstall | Tcheck | Ttotal | Status | Flags |
---|---|---|---|---|---|---|
r-devel-linux-x86_64-debian-clang | 1.0.2 | 25.88 | 48.30 | 74.18 | OK | |
r-devel-linux-x86_64-debian-gcc | 1.0.2 | 15.20 | 36.19 | 51.39 | NOTE | |
r-devel-linux-x86_64-fedora-clang | 1.0.2 | 123.55 | OK | |||
r-devel-linux-x86_64-fedora-gcc | 1.0.2 | 124.43 | OK | |||
r-devel-windows-x86_64 | 1.0.2 | 31.00 | 95.00 | 126.00 | OK | |
r-patched-linux-x86_64 | 1.0.2 | 26.13 | 44.92 | 71.05 | OK | |
r-release-linux-x86_64 | 1.0.2 | 23.43 | 45.09 | 68.52 | OK | |
r-release-macos-arm64 | 1.0.2 | 42.00 | OK | |||
r-release-macos-x86_64 | 1.0.2 | 81.00 | OK | |||
r-release-windows-x86_64 | 1.0.2 | 33.00 | 88.00 | 121.00 | OK | |
r-oldrel-macos-arm64 | 1.0.2 | 55.00 | OK | |||
r-oldrel-macos-x86_64 | 1.0.2 | 128.00 | OK | |||
r-oldrel-windows-x86_64 | 1.0.2 | 33.00 | 103.00 | 136.00 | OK |
Version: 1.0.2
Check: HTML version of manual
Result: NOTE
Found the following HTML validation problems:
lotriAsExpression.html:69:1 (lotriAsExpression.Rd:27): Warning: missing </ul> before </div>
Flavor: r-devel-linux-x86_64-debian-gcc