CRAN Package Check Results for Package lrequire

Last updated on 2025-10-22 09:50:39 CEST.

Flavor Version Tinstall Tcheck Ttotal Status Flags
r-devel-linux-x86_64-debian-clang 0.1.3 1.73 21.66 23.39 NOTE
r-devel-linux-x86_64-debian-gcc 0.1.3 1.35 17.92 19.27 NOTE
r-devel-linux-x86_64-fedora-clang 0.1.3 32.93 OK
r-devel-linux-x86_64-fedora-gcc 0.1.3 31.43 OK
r-devel-windows-x86_64 0.1.3 2.00 48.00 50.00 OK
r-patched-linux-x86_64 0.1.3 1.75 19.46 21.21 OK
r-release-linux-x86_64 0.1.3 1.73 19.55 21.28 OK
r-release-macos-arm64 0.1.3 1.00 26.00 27.00 OK
r-release-macos-x86_64 0.1.3 2.00 23.00 25.00 OK
r-release-windows-x86_64 0.1.3 3.00 43.00 46.00 OK
r-oldrel-macos-arm64 0.1.3 1.00 15.00 16.00 NOTE
r-oldrel-macos-x86_64 0.1.3 1.00 21.00 22.00 NOTE
r-oldrel-windows-x86_64 0.1.3 4.00 47.00 51.00 NOTE

Check Details

Version: 0.1.3
Check: CRAN incoming feasibility
Result: NOTE Maintainer: ‘Rick Wargo <lrequire@rickwargo.com>’ No Authors@R field in DESCRIPTION. Please add one, modifying Authors@R: person(given = "Rick", family = "Wargo", role = c("aut", "cre"), email = "lrequire@rickwargo.com") as necessary. Flavors: r-devel-linux-x86_64-debian-clang, r-devel-linux-x86_64-debian-gcc

Version: 0.1.3
Check: LazyData
Result: NOTE 'LazyData' is specified without a 'data' directory Flavors: r-oldrel-macos-arm64, r-oldrel-macos-x86_64, r-oldrel-windows-x86_64