Last updated on 2025-10-22 09:50:39 CEST.
Flavor | Version | Tinstall | Tcheck | Ttotal | Status | Flags |
---|---|---|---|---|---|---|
r-devel-linux-x86_64-debian-clang | 2.1.6 | 5.46 | 242.42 | 247.88 | NOTE | |
r-devel-linux-x86_64-debian-gcc | 2.1.6 | 3.91 | 147.09 | 151.00 | NOTE | |
r-devel-linux-x86_64-fedora-clang | 2.1.6 | 16.00 | 403.19 | 419.19 | OK | |
r-devel-linux-x86_64-fedora-gcc | 2.1.6 | 12.00 | 383.37 | 395.37 | OK | |
r-devel-windows-x86_64 | 2.1.6 | 8.00 | 262.00 | 270.00 | OK | |
r-patched-linux-x86_64 | 2.1.6 | 6.76 | 230.45 | 237.21 | OK | |
r-release-linux-x86_64 | 2.1.6 | 5.86 | 228.44 | 234.30 | OK | |
r-release-macos-arm64 | 2.1.6 | 3.00 | 150.00 | 153.00 | OK | |
r-release-macos-x86_64 | 2.1.6 | 6.00 | 258.00 | 264.00 | OK | |
r-release-windows-x86_64 | 2.1.6 | 9.00 | 234.00 | 243.00 | OK | |
r-oldrel-macos-arm64 | 2.1.6 | 3.00 | 102.00 | 105.00 | OK | |
r-oldrel-macos-x86_64 | 2.1.6 | 4.00 | 275.00 | 279.00 | OK | |
r-oldrel-windows-x86_64 | 2.1.6 | 10.00 | 316.00 | 326.00 | OK |
Version: 2.1.6
Check: HTML version of manual
Result: NOTE
Found the following HTML validation problems:
check_condition.html:56:1 (check_condition.Rd:16): Warning: missing </ul> before </div>
cov_yfz_gen.html:70:1 (cov_yfz_gen.Rd:22): Warning: missing </ul> before </div>
cov_yxw_gen.html:62:1 (cov_yxw_gen.Rd:18): Warning: missing </ul> before </div>
cov_yxz_gen.html:74:1 (cov_yxz_gen.Rd:24): Warning: missing </ul> before </div>
gen_X_W_cluster.html:54:1 (gen_X_W_cluster.Rd:14): Warning: missing </ul> before </div>
gen_cat_prop.html:54:1 (gen_cat_prop.Rd:14): Warning: missing </ul> before </div>
lambda_gen.html:63:1 (lambda_gen.Rd:19): Warning: missing </ul> before </div>
pt_bis_conversion.html:50:1 (pt_bis_conversion.Rd:12): Warning: missing </ul> before </div>
questionnaire_gen_family.html:82:1 (questionnaire_gen_family.Rd:33): Warning: missing </ul> before </div>
questionnaire_gen_polychoric.html:68:1 (questionnaire_gen_polychoric.Rd:21): Warning: missing </ul> before </div>
sample_from.html:58:1 (sample_from.Rd:16): Warning: missing </ul> before </div>
split_cat_prop.html:53:1 (split_cat_prop.Rd:15): Warning: missing </ul> before </div>
validate_questionnaire_gen.html:95:1 (validate_questionnaire_gen.Rd:41): Warning: missing </ul> before </div>
whitelist_message.html:46:1 (whitelist_message.Rd:10): Warning: missing </ul> before </div>
Flavors: r-devel-linux-x86_64-debian-clang, r-devel-linux-x86_64-debian-gcc