CRAN Package Check Results for Package lsr

Last updated on 2025-10-22 09:50:39 CEST.

Flavor Version Tinstall Tcheck Ttotal Status Flags
r-devel-linux-x86_64-debian-clang 0.5.2 4.02 35.90 39.92 NOTE
r-devel-linux-x86_64-debian-gcc 0.5.2 2.97 27.14 30.11 NOTE
r-devel-linux-x86_64-fedora-clang 0.5.2 10.00 49.00 59.00 OK
r-devel-linux-x86_64-fedora-gcc 0.5.2 55.32 OK
r-devel-windows-x86_64 0.5.2 6.00 77.00 83.00 OK
r-patched-linux-x86_64 0.5.2 4.70 32.83 37.53 OK
r-release-linux-x86_64 0.5.2 3.56 33.13 36.69 OK
r-release-macos-arm64 0.5.2 2.00 19.00 21.00 OK
r-release-macos-x86_64 0.5.2 6.00 42.00 48.00 OK
r-release-windows-x86_64 0.5.2 7.00 57.00 64.00 OK
r-oldrel-macos-arm64 0.5.2 2.00 23.00 25.00 OK
r-oldrel-macos-x86_64 0.5.2 3.00 27.00 30.00 OK
r-oldrel-windows-x86_64 0.5.2 7.00 65.00 72.00 OK

Check Details

Version: 0.5.2
Check: CRAN incoming feasibility
Result: NOTE Maintainer: ‘Danielle Navarro <djnavarro@protonmail.com>’ Package CITATION file contains call(s) to old-style citEntry(). Please use bibentry() instead. Flavors: r-devel-linux-x86_64-debian-clang, r-devel-linux-x86_64-debian-gcc