Last updated on 2025-10-22 09:50:39 CEST.
Flavor | Version | Tinstall | Tcheck | Ttotal | Status | Flags |
---|---|---|---|---|---|---|
r-devel-linux-x86_64-debian-clang | 0.1.0 | 1.69 | 18.81 | 20.50 | NOTE | |
r-devel-linux-x86_64-debian-gcc | 0.1.0 | 1.33 | 16.54 | 17.87 | NOTE | |
r-devel-linux-x86_64-fedora-clang | 0.1.0 | 28.84 | OK | |||
r-devel-linux-x86_64-fedora-gcc | 0.1.0 | 27.04 | OK | |||
r-devel-windows-x86_64 | 0.1.0 | 3.00 | 36.00 | 39.00 | OK | |
r-patched-linux-x86_64 | 0.1.0 | 1.47 | 17.05 | 18.52 | OK | |
r-release-linux-x86_64 | 0.1.0 | 1.34 | 16.86 | 18.20 | OK | |
r-release-macos-arm64 | 0.1.0 | 2.00 | 32.00 | 34.00 | OK | |
r-release-macos-x86_64 | 0.1.0 | 2.00 | 20.00 | 22.00 | OK | |
r-release-windows-x86_64 | 0.1.0 | 3.00 | 41.00 | 44.00 | OK | |
r-oldrel-macos-arm64 | 0.1.0 | 1.00 | 14.00 | 15.00 | NOTE | |
r-oldrel-macos-x86_64 | 0.1.0 | 2.00 | 19.00 | 21.00 | NOTE | |
r-oldrel-windows-x86_64 | 0.1.0 | 3.00 | 40.00 | 43.00 | NOTE |
Version: 0.1.0
Check: CRAN incoming feasibility
Result: NOTE
Maintainer: ‘Mohamed El Fodil Ihaddaden <ihaddaden.fodeil@gmail.com>’
No Authors@R field in DESCRIPTION.
Please add one, modifying
Authors@R: person(given = c("Mohamed", "El", "Fodil"),
family = "Ihaddaden",
role = c("aut", "cre"),
email = "ihaddaden.fodeil@gmail.com")
as necessary.
Flavors: r-devel-linux-x86_64-debian-clang, r-devel-linux-x86_64-debian-gcc
Version: 0.1.0
Check: LazyData
Result: NOTE
'LazyData' is specified without a 'data' directory
Flavors: r-oldrel-macos-arm64, r-oldrel-macos-x86_64, r-oldrel-windows-x86_64