Last updated on 2025-10-22 09:50:39 CEST.
Flavor | Version | Tinstall | Tcheck | Ttotal | Status | Flags |
---|---|---|---|---|---|---|
r-devel-linux-x86_64-debian-clang | 1.0.0 | 8.16 | 64.26 | 72.42 | NOTE | |
r-devel-linux-x86_64-debian-gcc | 1.0.0 | 5.68 | 48.84 | 54.52 | NOTE | |
r-devel-linux-x86_64-fedora-clang | 1.0.0 | 17.00 | 95.19 | 112.19 | OK | |
r-devel-linux-x86_64-fedora-gcc | 1.0.0 | 15.00 | 89.43 | 104.43 | OK | |
r-devel-windows-x86_64 | 1.0.0 | 8.00 | 70.00 | 78.00 | OK | |
r-patched-linux-x86_64 | 1.0.0 | 7.34 | 62.62 | 69.96 | OK | |
r-release-linux-x86_64 | 1.0.0 | 5.98 | 61.91 | 67.89 | OK | |
r-release-macos-arm64 | 1.0.0 | 4.00 | 33.00 | 37.00 | OK | |
r-release-macos-x86_64 | 1.0.0 | 10.00 | 59.00 | 69.00 | OK | |
r-release-windows-x86_64 | 1.0.0 | 8.00 | 70.00 | 78.00 | OK | |
r-oldrel-macos-arm64 | 1.0.0 | 4.00 | 30.00 | 34.00 | OK | |
r-oldrel-macos-x86_64 | 1.0.0 | 6.00 | 43.00 | 49.00 | OK | |
r-oldrel-windows-x86_64 | 1.0.0 | 11.00 | 86.00 | 97.00 | OK |
Version: 1.0.0
Check: CRAN incoming feasibility
Result: NOTE
Maintainer: ‘Zhengyang Zhou <zhengyang.zhou@unthsc.edu>’
No Authors@R field in DESCRIPTION.
Please add one, modifying
Authors@R: person(given = "Zhengyang",
family = "Zhou",
role = c("aut", "cre"),
email = "zhengyang.zhou@unthsc.edu")
as necessary.
Flavors: r-devel-linux-x86_64-debian-clang, r-devel-linux-x86_64-debian-gcc