Last updated on 2025-10-22 09:50:40 CEST.
Flavor | Version | Tinstall | Tcheck | Ttotal | Status | Flags |
---|---|---|---|---|---|---|
r-devel-linux-x86_64-debian-clang | 0.3.1 | 25.85 | 172.00 | 197.85 | NOTE | |
r-devel-linux-x86_64-debian-gcc | 0.3.1 | 17.92 | 124.72 | 142.64 | NOTE | |
r-devel-linux-x86_64-fedora-clang | 0.3.1 | 221.00 | 102.99 | 323.99 | OK | |
r-devel-linux-x86_64-fedora-gcc | 0.3.1 | 54.00 | 243.23 | 297.23 | OK | |
r-devel-windows-x86_64 | 0.3.1 | 27.00 | 151.00 | 178.00 | OK | |
r-patched-linux-x86_64 | 0.3.1 | 24.97 | 163.66 | 188.63 | OK | |
r-release-linux-x86_64 | 0.3.1 | 24.21 | 163.02 | 187.23 | OK | |
r-release-macos-arm64 | 0.3.1 | 11.00 | 45.00 | 56.00 | OK | |
r-release-macos-x86_64 | 0.3.1 | 22.00 | 78.00 | 100.00 | OK | |
r-release-windows-x86_64 | 0.3.1 | 27.00 | 149.00 | 176.00 | OK | |
r-oldrel-macos-arm64 | 0.3.1 | 11.00 | 60.00 | 71.00 | OK | |
r-oldrel-macos-x86_64 | 0.3.1 | 15.00 | 83.00 | 98.00 | OK | |
r-oldrel-windows-x86_64 | 0.3.1 | 37.00 | 201.00 | 238.00 | OK |
Version: 0.3.1
Check: HTML version of manual
Result: NOTE
Found the following HTML validation problems:
betaturn.html:140:1 (betaturn.Rd:112): Warning: <h5> anchor "Usage" already defined
betaturn.html:153:1 (betaturn.Rd:123): Warning: <h5> anchor "Arguments" already defined
betaturn.html:180:1 (betaturn.Rd:144): Warning: <h5> anchor "Returns" already defined
betaturn.html:187:1 (betaturn.Rd:147): Warning: <h5> anchor "Examples" already defined
betaturn.html:206:1 (betaturn.Rd:161): Warning: <h5> anchor "Usage" already defined
betaturn.html:212:1 (betaturn.Rd:165): Warning: <h5> anchor "Arguments" already defined
betaturn.html:225:1 (betaturn.Rd:172): Warning: <h5> anchor "Returns" already defined
betaturn.html:232:1 (betaturn.Rd:175): Warning: <h5> anchor "Examples" already defined
betaturn.html:251:1 (betaturn.Rd:189): Warning: <h5> anchor "Usage" already defined
betaturn.html:257:1 (betaturn.Rd:193): Warning: <h5> anchor "Arguments" already defined
betaturn.html:270:1 (betaturn.Rd:200): Warning: <h5> anchor "Returns" already defined
betaturn.html:277:1 (betaturn.Rd:203): Warning: <h5> anchor "Examples" already defined
betaturn.html:296:1 (betaturn.Rd:217): Warning: <h5> anchor "Usage" already defined
betaturn.html:302:1 (betaturn.Rd:221): Warning: <h5> anchor "Arguments" already defined
taxaturn.html:147:1 (taxaturn.Rd:111): Warning: <h5> anchor "Usage" already defined
taxaturn.html:157:1 (taxaturn.Rd:119): Warning: <h5> anchor "Arguments" already defined
taxaturn.html:196:1 (taxaturn.Rd:144): Warning: <h5> anchor "Returns" already defined
taxaturn.html:203:1 (taxaturn.Rd:147): Warning: <h5> anchor "Examples" already defined
taxaturn.html:222:1 (taxaturn.Rd:161): Warning: <h5> anchor "Usage" already defined
taxaturn.html:246:1 (taxaturn.Rd:183): Warning: <h5> anchor "Arguments" already defined
taxaturn.html:295:1 (taxaturn.Rd:226): Warning: <h5> anchor "Returns" already defined
taxaturn.html:302:1 (taxaturn.Rd:229): Warning: <h5> anchor "Examples" already defined
taxaturn.html:321:1 (taxaturn.Rd:243): Warning: <h5> anchor "Usage" already defined
taxaturn.html:327:1 (taxaturn.Rd:247): Warning: <h5> anchor "Arguments" already defined
Flavors: r-devel-linux-x86_64-debian-clang, r-devel-linux-x86_64-debian-gcc