CRAN Package Check Results for Package memisc

Last updated on 2025-10-22 09:50:40 CEST.

Flavor Version Tinstall Tcheck Ttotal Status Flags
r-devel-linux-x86_64-debian-clang 0.99.31.8.3 31.66 160.52 192.18 NOTE
r-devel-linux-x86_64-debian-gcc 0.99.31.8.3 21.49 106.44 127.93 NOTE
r-devel-linux-x86_64-fedora-clang 0.99.31.8.3 103.00 211.66 314.66 OK
r-devel-linux-x86_64-fedora-gcc 0.99.31.8.3 69.00 230.37 299.37 OK
r-devel-windows-x86_64 0.99.31.8.3 35.00 162.00 197.00 OK
r-patched-linux-x86_64 0.99.31.8.3 36.79 146.88 183.67 OK
r-release-linux-x86_64 0.99.31.8.3 33.48 154.64 188.12 OK
r-release-macos-arm64 0.99.31.8.3 15.00 93.00 108.00 OK
r-release-macos-x86_64 0.99.31.8.3 33.00 163.00 196.00 OK
r-release-windows-x86_64 0.99.31.8.3 38.00 167.00 205.00 OK
r-oldrel-macos-arm64 0.99.31.8.3 17.00 84.00 101.00 OK
r-oldrel-macos-x86_64 0.99.31.8.3 30.00 166.00 196.00 OK
r-oldrel-windows-x86_64 0.99.31.8.3 47.00 205.00 252.00 OK

Check Details

Version: 0.99.31.8.3
Check: top-level files
Result: NOTE Found the following validation problem for the NEWS.Rd HTML conversion: NEWS.html:766:1 (inst/NEWS.Rd:431): Warning: missing </ul> before </div> NEWS.html:567:1 (inst/NEWS.Rd:318): Warning: <h4> anchor "NEW-FEATURES" already defined NEWS.html:636:1 (inst/NEWS.Rd:366): Warning: <h4> anchor "BUGFIXES" already defined NEWS.html:669:1 (inst/NEWS.Rd:382): Warning: <h4> anchor "USER-VISIBLE-CHANGES" already defined NEWS.html:685:1 (inst/NEWS.Rd:390): Warning: <h4> anchor "DEFUNCT" already defined NEWS.html:703:1 (inst/NEWS.Rd:400): Warning: <h4> anchor "NEW-FEATURES" already defined NEWS.html:735:1 (inst/NEWS.Rd:418): Warning: <h4> anchor "USER-VISIBLE-CHANGES" already defined NEWS.html:746:1 (inst/NEWS.Rd:423): Warning: <h4> anchor "DEFUNCT" already defined Flavors: r-devel-linux-x86_64-debian-clang, r-devel-linux-x86_64-debian-gcc

Version: 0.99.31.8.3
Check: HTML version of manual
Result: NOTE Found the following HTML validation problems: 00memisc.html:357:1 (00memisc.Rd:224): Warning: missing </ul> before </div> Write.html:59:1 (Write.Rd:19): Warning: missing </ul> before </div> memisc-deprecated.html:85:1 (memisc-deprecated.Rd:36): Warning: missing </ul> before </div> stats-conveniences.html:81:1 (stats-conveniences.Rd:36): Warning: missing </ul> before </div> Flavors: r-devel-linux-x86_64-debian-clang, r-devel-linux-x86_64-debian-gcc