Last updated on 2025-10-22 09:50:40 CEST.
Flavor | Version | Tinstall | Tcheck | Ttotal | Status | Flags |
---|---|---|---|---|---|---|
r-devel-linux-x86_64-debian-clang | 2.0.1 | 2.48 | 30.98 | 33.46 | NOTE | |
r-devel-linux-x86_64-debian-gcc | 2.0.1 | 1.90 | 25.16 | 27.06 | NOTE | |
r-devel-linux-x86_64-fedora-clang | 2.0.1 | 50.54 | OK | |||
r-devel-linux-x86_64-fedora-gcc | 2.0.1 | 45.21 | OK | |||
r-devel-windows-x86_64 | 2.0.1 | 4.00 | 56.00 | 60.00 | OK | |
r-patched-linux-x86_64 | 2.0.1 | 1.96 | 28.58 | 30.54 | OK | |
r-release-linux-x86_64 | 2.0.1 | 2.03 | 28.52 | 30.55 | OK | |
r-release-macos-arm64 | 2.0.1 | 1.00 | 21.00 | 22.00 | OK | |
r-release-macos-x86_64 | 2.0.1 | 2.00 | 31.00 | 33.00 | OK | |
r-release-windows-x86_64 | 2.0.1 | 3.00 | 58.00 | 61.00 | OK | |
r-oldrel-macos-arm64 | 2.0.1 | 1.00 | 21.00 | 22.00 | OK | |
r-oldrel-macos-x86_64 | 2.0.1 | 2.00 | 38.00 | 40.00 | OK | |
r-oldrel-windows-x86_64 | 2.0.1 | 5.00 | 64.00 | 69.00 | OK |
Version: 2.0.1
Check: HTML version of manual
Result: NOTE
Found the following HTML validation problems:
cache_memory.html:47:1 (cache_memory.Rd:11): Warning: missing </ul> before </div>
Flavors: r-devel-linux-x86_64-debian-clang, r-devel-linux-x86_64-debian-gcc