Last updated on 2025-10-22 09:50:40 CEST.
Flavor | Version | Tinstall | Tcheck | Ttotal | Status | Flags |
---|---|---|---|---|---|---|
r-devel-linux-x86_64-debian-clang | 0.6.3 | 16.74 | 229.60 | 246.34 | NOTE | |
r-devel-linux-x86_64-debian-gcc | 0.6.3 | 13.74 | 158.93 | 172.67 | NOTE | |
r-devel-linux-x86_64-fedora-clang | 0.6.3 | 51.00 | 346.35 | 397.35 | OK | |
r-devel-linux-x86_64-fedora-gcc | 0.6.3 | 34.00 | 338.96 | 372.96 | OK | |
r-devel-windows-x86_64 | 0.6.3 | 18.00 | 180.00 | 198.00 | OK | --no-vignettes |
r-patched-linux-x86_64 | 0.6.3 | 15.92 | 212.21 | 228.13 | OK | |
r-release-linux-x86_64 | 0.6.3 | 14.22 | 215.24 | 229.46 | OK | |
r-release-macos-arm64 | 0.6.3 | 7.00 | 83.00 | 90.00 | OK | |
r-release-macos-x86_64 | 0.6.3 | 16.00 | 218.00 | 234.00 | OK | |
r-release-windows-x86_64 | 0.6.3 | 19.00 | 205.00 | 224.00 | OK | --no-vignettes |
r-oldrel-macos-arm64 | 0.6.3 | 7.00 | 86.00 | 93.00 | OK | |
r-oldrel-macos-x86_64 | 0.6.3 | 18.00 | 217.00 | 235.00 | OK | |
r-oldrel-windows-x86_64 | 0.6.3 | 25.00 | 244.00 | 269.00 | OK | --no-vignettes |
Version: 0.6.3
Check: HTML version of manual
Result: NOTE
Found the following HTML validation problems:
fetch.merMod.msgs.html:46:1 (fetch.merMod.msgs.Rd:10): Warning: missing </ul> before </div>
plot_sim_error_chks.html:90:1 (plot_sim_error_chks.Rd:40): Warning: missing </ul> before </div>
Flavors: r-devel-linux-x86_64-debian-clang, r-devel-linux-x86_64-debian-gcc