Last updated on 2025-10-22 09:50:40 CEST.
Flavor | Version | Tinstall | Tcheck | Ttotal | Status | Flags |
---|---|---|---|---|---|---|
r-devel-linux-x86_64-debian-clang | 0.3 | 374.11 | 82.68 | 456.79 | NOTE | |
r-devel-linux-x86_64-debian-gcc | 0.3 | 248.90 | 63.14 | 312.04 | NOTE | |
r-devel-linux-x86_64-fedora-clang | 0.3 | 576.00 | 200.48 | 776.48 | OK | |
r-devel-linux-x86_64-fedora-gcc | 0.3 | 376.00 | 445.13 | 821.13 | OK | |
r-devel-windows-x86_64 | 0.3 | 387.00 | 122.00 | 509.00 | OK | |
r-patched-linux-x86_64 | 0.3 | 381.21 | 81.37 | 462.58 | OK | |
r-release-linux-x86_64 | 0.3 | 374.57 | 81.65 | 456.22 | OK | |
r-release-macos-arm64 | 0.3 | 107.00 | 45.00 | 152.00 | OK | |
r-release-macos-x86_64 | 0.3 | 80.00 | 59.00 | 139.00 | OK | |
r-release-windows-x86_64 | 0.3 | 384.00 | 122.00 | 506.00 | OK | |
r-oldrel-macos-arm64 | 0.3 | 104.00 | 34.00 | 138.00 | NOTE | |
r-oldrel-macos-x86_64 | 0.3 | 70.00 | 51.00 | 121.00 | NOTE | |
r-oldrel-windows-x86_64 | 0.3 | 441.00 | 149.00 | 590.00 | OK |
Version: 0.3
Check: HTML version of manual
Result: NOTE
Found the following HTML validation problems:
ns.html:46:1 (ns.Rd:10): Warning: missing </ul> before </div>
Flavors: r-devel-linux-x86_64-debian-clang, r-devel-linux-x86_64-debian-gcc
Version: 0.3
Check: installed package size
Result: NOTE
installed size is 20.4Mb
sub-directories of 1Mb or more:
libs 20.0Mb
Flavors: r-oldrel-macos-arm64, r-oldrel-macos-x86_64