Last updated on 2025-07-03 09:50:46 CEST.
Flavor | Version | Tinstall | Tcheck | Ttotal | Status | Flags |
---|---|---|---|---|---|---|
r-devel-linux-x86_64-debian-clang | 0.1.1 | 33.53 | 239.67 | 273.20 | NOTE | |
r-devel-linux-x86_64-debian-gcc | 0.1.1 | 22.63 | 170.72 | 193.35 | NOTE | |
r-devel-linux-x86_64-fedora-clang | 0.1.1 | 570.17 | NOTE | |||
r-devel-linux-x86_64-fedora-gcc | 0.1.1 | 471.71 | NOTE | |||
r-devel-windows-x86_64 | 0.1.1 | 40.00 | 201.00 | 241.00 | NOTE | |
r-patched-linux-x86_64 | 0.1.1 | 37.59 | 229.70 | 267.29 | NOTE | |
r-release-linux-x86_64 | 0.1.1 | 34.52 | 164.93 | 199.45 | NOTE | |
r-release-macos-arm64 | 0.1.1 | 111.00 | NOTE | |||
r-release-macos-x86_64 | 0.1.1 | 167.00 | NOTE | |||
r-release-windows-x86_64 | 0.1.1 | 42.00 | 185.00 | 227.00 | NOTE | |
r-oldrel-macos-arm64 | 0.1.1 | 98.00 | NOTE | |||
r-oldrel-macos-x86_64 | 0.1.1 | 146.00 | NOTE | |||
r-oldrel-windows-x86_64 | 0.1.1 | 48.00 | 233.00 | 281.00 | NOTE |
Version: 0.1.1
Check: CRAN incoming feasibility
Result: NOTE
Maintainer: ‘Florian Lecocq <florian.lecocq@outlook.com>’
Package CITATION file contains call(s) to old-style personList() or
as.personList(). Please use c() on person objects instead.
Package CITATION file contains call(s) to old-style citEntry(). Please
use bibentry() instead.
The Description field contains
<arXiv:1506.06707>. Chamroukhi F. (2015)
Please refer to arXiv e-prints via their arXiv DOI <doi:10.48550/arXiv.YYMM.NNNNN>.
Flavors: r-devel-linux-x86_64-debian-clang, r-devel-linux-x86_64-debian-gcc
Version: 0.1.1
Check: C++ specification
Result: NOTE
Specified C++11: please drop specification unless essential
Flavors: r-devel-linux-x86_64-debian-clang, r-devel-linux-x86_64-debian-gcc, r-devel-linux-x86_64-fedora-clang, r-devel-linux-x86_64-fedora-gcc, r-devel-windows-x86_64, r-patched-linux-x86_64, r-release-linux-x86_64, r-release-macos-arm64, r-release-macos-x86_64, r-release-windows-x86_64, r-oldrel-macos-arm64, r-oldrel-macos-x86_64, r-oldrel-windows-x86_64
Version: 0.1.1
Check: installed package size
Result: NOTE
installed size is 7.3Mb
sub-directories of 1Mb or more:
doc 2.3Mb
help 2.0Mb
libs 2.6Mb
Flavors: r-oldrel-macos-arm64, r-oldrel-macos-x86_64, r-oldrel-windows-x86_64