CRAN Package Check Results for Package mgi.report.reader

Last updated on 2025-10-22 09:50:40 CEST.

Flavor Version Tinstall Tcheck Ttotal Status Flags
r-devel-linux-x86_64-debian-clang 0.1.3 5.25 45.50 50.75 NOTE
r-devel-linux-x86_64-debian-gcc 0.1.3 3.70 33.09 36.79 NOTE
r-devel-linux-x86_64-fedora-clang 0.1.3 15.00 58.96 73.96 NOTE
r-devel-linux-x86_64-fedora-gcc 0.1.3 12.00 56.44 68.44 NOTE
r-devel-windows-x86_64 0.1.3 7.00 59.00 66.00 NOTE
r-patched-linux-x86_64 0.1.3 5.33 40.27 45.60 NOTE
r-release-linux-x86_64 0.1.3 4.89 40.11 45.00 NOTE
r-release-macos-arm64 0.1.3 2.00 25.00 27.00 NOTE
r-release-macos-x86_64 0.1.3 6.00 37.00 43.00 NOTE
r-release-windows-x86_64 0.1.3 7.00 60.00 67.00 NOTE
r-oldrel-macos-arm64 0.1.3 3.00 25.00 28.00 OK
r-oldrel-macos-x86_64 0.1.3 7.00 49.00 56.00 OK
r-oldrel-windows-x86_64 0.1.3 10.00 72.00 82.00 OK

Check Details

Version: 0.1.3
Check: DESCRIPTION meta-information
Result: NOTE Missing dependency on R >= 4.2.0 because package code uses the pipe placeholder syntax added in R 4.2.0. File(s) using such syntax: ‘read_mgi_biotype_conflict_rpt.R’ Flavors: r-devel-linux-x86_64-debian-clang, r-devel-linux-x86_64-debian-gcc, r-devel-linux-x86_64-fedora-clang, r-devel-linux-x86_64-fedora-gcc, r-devel-windows-x86_64, r-patched-linux-x86_64, r-release-linux-x86_64, r-release-macos-arm64, r-release-macos-x86_64, r-release-windows-x86_64

Version: 0.1.3
Check: HTML version of manual
Result: NOTE Found the following HTML validation problems: common-args.html:59:1 (common-args.Rd:17): Warning: missing </ul> before </div> Flavors: r-devel-linux-x86_64-debian-clang, r-devel-linux-x86_64-debian-gcc