Last updated on 2025-10-22 09:50:40 CEST.
Flavor | Version | Tinstall | Tcheck | Ttotal | Status | Flags |
---|---|---|---|---|---|---|
r-devel-linux-x86_64-debian-clang | 0.0.22 | 44.71 | 442.61 | 487.32 | NOTE | |
r-devel-linux-x86_64-debian-gcc | 0.0.22 | 31.91 | 321.50 | 353.41 | NOTE | |
r-devel-linux-x86_64-fedora-clang | 0.0.22 | 213.00 | 614.35 | 827.35 | OK | |
r-devel-linux-x86_64-fedora-gcc | 0.0.22 | 229.00 | 601.96 | 830.96 | OK | |
r-devel-windows-x86_64 | 0.0.22 | 46.00 | 393.00 | 439.00 | OK | |
r-patched-linux-x86_64 | 0.0.22 | 41.79 | 418.04 | 459.83 | OK | |
r-release-linux-x86_64 | 0.0.22 | 39.13 | 420.77 | 459.90 | OK | |
r-release-macos-arm64 | 0.0.22 | 20.00 | 143.00 | 163.00 | OK | |
r-release-macos-x86_64 | 0.0.22 | 45.00 | 255.00 | 300.00 | OK | |
r-release-windows-x86_64 | 0.0.22 | 45.00 | 381.00 | 426.00 | OK | |
r-oldrel-macos-arm64 | 0.0.22 | 21.00 | 148.00 | 169.00 | OK | |
r-oldrel-macos-x86_64 | 0.0.22 | 40.00 | 269.00 | 309.00 | OK | |
r-oldrel-windows-x86_64 | 0.0.22 | 61.00 | 509.00 | 570.00 | OK |
Version: 0.0.22
Check: HTML version of manual
Result: NOTE
Found the following HTML validation problems:
dot-checkfile.html:46:1 (dot-checkfile.Rd:10): Warning: missing </ul> before </div>
dot-getstar.html:46:1 (dot-getstar.Rd:10): Warning: missing </ul> before </div>
dot-lda.fun.html:46:1 (dot-lda.fun.Rd:10): Warning: missing </ul> before </div>
otu_table.html:50:1 (otu_table.Rd:12): Warning: missing </ul> before </div>
phy_tree.html:51:1 (phy_tree.Rd:13): Warning: missing </ul> before </div>
psmelt.html:52:1 (psmelt.Rd:14): Warning: missing </ul> before </div>
sample_data.html:50:1 (sample_data.Rd:12): Warning: missing </ul> before </div>
subset_samples.html:52:1 (subset_samples.Rd:14): Warning: missing </ul> before </div>
subset_taxa.html:52:1 (subset_taxa.Rd:14): Warning: missing </ul> before </div>
tax_table.html:50:1 (tax_table.Rd:12): Warning: missing </ul> before </div>
Flavors: r-devel-linux-x86_64-debian-clang, r-devel-linux-x86_64-debian-gcc