Last updated on 2025-10-22 09:50:40 CEST.
Flavor | Version | Tinstall | Tcheck | Ttotal | Status | Flags |
---|---|---|---|---|---|---|
r-devel-linux-x86_64-debian-clang | 1.0.0 | 3.49 | 80.30 | 83.79 | NOTE | |
r-devel-linux-x86_64-debian-gcc | 1.0.0 | 2.64 | 59.61 | 62.25 | NOTE | |
r-devel-linux-x86_64-fedora-clang | 1.0.0 | 126.86 | OK | |||
r-devel-linux-x86_64-fedora-gcc | 1.0.0 | 132.65 | OK | |||
r-devel-windows-x86_64 | 1.0.0 | 6.00 | 101.00 | 107.00 | OK | |
r-patched-linux-x86_64 | 1.0.0 | 2.60 | 75.84 | 78.44 | OK | |
r-release-linux-x86_64 | 1.0.0 | 3.33 | 75.00 | 78.33 | OK | |
r-release-macos-arm64 | 1.0.0 | 1.00 | 42.00 | 43.00 | OK | |
r-release-macos-x86_64 | 1.0.0 | 3.00 | 72.00 | 75.00 | OK | |
r-release-windows-x86_64 | 1.0.0 | 6.00 | 91.00 | 97.00 | OK | |
r-oldrel-macos-arm64 | 1.0.0 | 2.00 | 36.00 | 38.00 | OK | |
r-oldrel-macos-x86_64 | 1.0.0 | 2.00 | 56.00 | 58.00 | OK | |
r-oldrel-windows-x86_64 | 1.0.0 | 7.00 | 111.00 | 118.00 | OK |
Version: 1.0.0
Check: HTML version of manual
Result: NOTE
Found the following HTML validation problems:
bmi.html:64:1 (bmi.Rd:20): Warning: missing </ul> before </div>
Flavors: r-devel-linux-x86_64-debian-clang, r-devel-linux-x86_64-debian-gcc