CRAN Package Check Results for Package mispr

Last updated on 2025-07-04 09:49:56 CEST.

Flavor Version Tinstall Tcheck Ttotal Status Flags
r-devel-linux-x86_64-debian-clang 1.0.0 6.73 60.89 67.62 NOTE
r-devel-linux-x86_64-debian-gcc 1.0.0 5.07 46.63 51.70 NOTE
r-devel-linux-x86_64-fedora-clang 1.0.0 105.05 OK
r-devel-linux-x86_64-fedora-gcc 1.0.0 100.68 OK
r-devel-windows-x86_64 1.0.0 8.00 75.00 83.00 OK
r-patched-linux-x86_64 1.0.0 7.32 57.97 65.29 OK
r-release-linux-x86_64 1.0.0 6.84 57.93 64.77 OK
r-release-macos-arm64 1.0.0 34.00 OK
r-release-macos-x86_64 1.0.0 73.00 OK
r-release-windows-x86_64 1.0.0 8.00 77.00 85.00 OK
r-oldrel-macos-arm64 1.0.0 32.00 OK
r-oldrel-macos-x86_64 1.0.0 53.00 OK
r-oldrel-windows-x86_64 1.0.0 10.00 92.00 102.00 OK

Check Details

Version: 1.0.0
Check: CRAN incoming feasibility
Result: NOTE Maintainer: ‘Faisal Maqbool Zahid <faisalmz99@yahoo.com>’ No Authors@R field in DESCRIPTION. Please add one, modifying Authors@R: person(given = c("Faisal", "Maqbool"), family = "Zahid", role = c("aut", "cre"), email = "faisalmz99@yahoo.com") as necessary. Flavors: r-devel-linux-x86_64-debian-clang, r-devel-linux-x86_64-debian-gcc