Last updated on 2025-10-21 09:48:38 CEST.
Flavor | Version | Tinstall | Tcheck | Ttotal | Status | Flags |
---|---|---|---|---|---|---|
r-devel-linux-x86_64-debian-clang | 1.0.5 | 91.59 | 361.99 | 453.58 | OK | |
r-devel-linux-x86_64-debian-gcc | 1.0.5 | 57.11 | 265.81 | 322.92 | NOTE | |
r-devel-linux-x86_64-fedora-clang | 1.0.5 | 746.32 | OK | |||
r-devel-linux-x86_64-fedora-gcc | 1.0.5 | 711.94 | OK | |||
r-devel-windows-x86_64 | 1.0.5 | 97.00 | 391.00 | 488.00 | OK | |
r-patched-linux-x86_64 | 1.0.5 | 90.05 | 353.92 | 443.97 | OK | |
r-release-linux-x86_64 | 1.0.5 | 83.77 | 356.96 | 440.73 | OK | |
r-release-macos-arm64 | 1.0.5 | 171.00 | OK | |||
r-release-macos-x86_64 | 1.0.5 | 215.00 | OK | |||
r-release-windows-x86_64 | 1.0.5 | 100.00 | 397.00 | 497.00 | OK | |
r-oldrel-macos-arm64 | 1.0.5 | 166.00 | NOTE | |||
r-oldrel-macos-x86_64 | 1.0.5 | 281.00 | NOTE | |||
r-oldrel-windows-x86_64 | 1.0.5 | 120.00 | 540.00 | 660.00 | OK |
Version: 1.0.5
Check: HTML version of manual
Result: NOTE
Found the following HTML validation problems:
SimpleSBM_fit.html:219:1 (SimpleSBM_fit.Rd:129): Warning: missing </ul> before </div>
SimpleSBM_fit.html:140:1 (SimpleSBM_fit.Rd:80): Warning: <h5> anchor "Usage" already defined
SimpleSBM_fit.html:151:1 (SimpleSBM_fit.Rd:89): Warning: <h5> anchor "Arguments" already defined
SimpleSBM_fit.html:180:1 (SimpleSBM_fit.Rd:108): Warning: <h5> anchor "Usage" already defined
SimpleSBM_fit.html:196:1 (SimpleSBM_fit.Rd:118): Warning: <h5> anchor "Usage" already defined
SimpleSBM_fit.html:202:1 (SimpleSBM_fit.Rd:122): Warning: <h5> anchor "Arguments" already defined
SimpleSBM_fit_MNAR.html:215:1 (SimpleSBM_fit_MNAR.Rd:119): Warning: missing </ul> before </div>
SimpleSBM_fit_MNAR.html:134:1 (SimpleSBM_fit_MNAR.Rd:74): Warning: <h5> anchor "Usage" already defined
SimpleSBM_fit_MNAR.html:140:1 (SimpleSBM_fit_MNAR.Rd:78): Warning: <h5> anchor "Arguments" already defined
SimpleSBM_fit_MNAR.html:163:1 (SimpleSBM_fit_MNAR.Rd:91): Warning: <h5> anchor "Usage" already defined
SimpleSBM_fit_MNAR.html:169:1 (SimpleSBM_fit_MNAR.Rd:95): Warning: <h5> anchor "Arguments" already defined
SimpleSBM_fit_MNAR.html:192:1 (SimpleSBM_fit_MNAR.Rd:108): Warning: <h5> anchor "Usage" already defined
SimpleSBM_fit_MNAR.html:198:1 (SimpleSBM_fit_MNAR.Rd:112): Warning: <h5> anchor "Arguments" already defined
SimpleSBM_fit_noCov.html:184:1 (SimpleSBM_fit_noCov.Rd:102): Warning: missing </ul> before </div>
SimpleSBM_fit_noCov.html:132:1 (SimpleSBM_fit_noCov.Rd:74): Warning: <h5> anchor "Usage" already defined
SimpleSBM_fit_noCov.html:138:1 (SimpleSBM_fit_noCov.Rd:78): Warning: <h5> anchor "Arguments" already defined
SimpleSBM_fit_noCov.html:161:1 (SimpleSBM_fit_noCov.Rd:91): Warning: <h5> anchor "Usage" already defined
SimpleSBM_fit_noCov.html:167:1 (SimpleSBM_fit_noCov.Rd:95): Warning: <h5> anchor "Arguments" already defined
SimpleSBM_fit_withCov.html:186:1 (SimpleSBM_fit_withCov.Rd:104): Warning: missing </ul> before </div>
SimpleSBM_fit_withCov.html:134:1 (SimpleSBM_fit_withCov.Rd:76): Warning: <h5> anchor "Usage" already defined
SimpleSBM_fit_withCov.html:140:1 (SimpleSBM_fit_withCov.Rd:80): Warning: <h5> anchor "Arguments" already defined
SimpleSBM_fit_withCov.html:163:1 (SimpleSBM_fit_withCov.Rd:93): Warning: <h5> anchor "Usage" already defined
SimpleSBM_fit_withCov.html:169:1 (SimpleSBM_fit_withCov.Rd:97): Warning: <h5> anchor "Arguments" already defined
blockDyadSampler.html:146:1 (blockDyadSampler.Rd:81): Warning: missing </ul> before </div>
blockDyadSampler.html:123:1 (blockDyadSampler.Rd:70): Warning: <h5> anchor "Usage" already defined
blockDyadSampler.html:129:1 (blockDyadSampler.Rd:74): Warning: <h5> anchor "Arguments" already defined
blockDyadSampling_fit.html:173:1 (blockDyadSampling_fit.Rd:94): Warning: missing </ul> before </div>
blockDyadSampling_fit.html:119:1 (blockDyadSampling_fit.Rd:64): Warning: <h5> anchor "Usage" already defined
blockDyadSampling_fit.html:125:1 (blockDyadSampling_fit.Rd:68): Warning: <h5> anchor "Arguments" already defined
blockDyadSampling_fit.html:150:1 (blockDyadSampling_fit.Rd:83): Warning: <h5> anchor "Usage" already defined
blockDyadSampling_fit.html:156:1 (blockDyadSampling_fit.Rd:87): Warning: <h5> anchor "Arguments" already defined
blockNodeSampler.html:134:1 (blockNodeSampler.Rd:74): Warning: missing </ul> before </div>
blockNodeSampler.html:111:1 (blockNodeSampler.Rd:63): Warning: <h5> anchor "Usage" already defined
blockNodeSampler.html:117:1 (blockNodeSampler.Rd:67): Warning: <h5> anchor "Arguments" already defined
blockNodeSampling_fit.html:173:1 (blockNodeSampling_fit.Rd:94): Warning: missing </ul> before </div>
blockNodeSampling_fit.html:119:1 (blockNodeSampling_fit.Rd:64): Warning: <h5> anchor "Usage" already defined
blockNodeSampling_fit.html:125:1 (blockNodeSampling_fit.Rd:68): Warning: <h5> anchor "Arguments" already defined
blockNodeSampling_fit.html:150:1 (blockNodeSampling_fit.Rd:83): Warning: <h5> anchor "Usage" already defined
blockNodeSampling_fit.html:156:1 (blockNodeSampling_fit.Rd:87): Warning: <h5> anchor "Arguments" already defined
covarDyadSampling_fit.html:138:1 (covarDyadSampling_fit.Rd:73): Warning: missing </ul> before </div>
covarDyadSampling_fit.html:115:1 (covarDyadSampling_fit.Rd:62): Warning: <h5> anchor "Usage" already defined
covarDyadSampling_fit.html:121:1 (covarDyadSampling_fit.Rd:66): Warning: <h5> anchor "Arguments" already defined
covarNodeSampling_fit.html:138:1 (covarNodeSampling_fit.Rd:73): Warning: missing </ul> before </div>
covarNodeSampling_fit.html:115:1 (covarNodeSampling_fit.Rd:62): Warning: <h5> anchor "Usage" already defined
covarNodeSampling_fit.html:121:1 (covarNodeSampling_fit.Rd:66): Warning: <h5> anchor "Arguments" already defined
degreeSampler.html:127:1 (degreeSampler.Rd:67): Warning: missing </ul> before </div>
degreeSampler.html:104:1 (degreeSampler.Rd:56): Warning: <h5> anchor "Usage" already defined
degreeSampler.html:110:1 (degreeSampler.Rd:60): Warning: <h5> anchor "Arguments" already defined
degreeSampling_fit.html:206:1 (degreeSampling_fit.Rd:113): Warning: missing </ul> before </div>
degreeSampling_fit.html:121:1 (degreeSampling_fit.Rd:64): Warning: <h5> anchor "Usage" already defined
degreeSampling_fit.html:127:1 (degreeSampling_fit.Rd:68): Warning: <h5> anchor "Arguments" already defined
degreeSampling_fit.html:152:1 (degreeSampling_fit.Rd:83): Warning: <h5> anchor "Usage" already defined
degreeSampling_fit.html:158:1 (degreeSampling_fit.Rd:87): Warning: <h5> anchor "Arguments" already defined
degreeSampling_fit.html:183:1 (degreeSampling_fit.Rd:102): Warning: <h5> anchor "Usage" already defined
degreeSampling_fit.html:189:1 (degreeSampling_fit.Rd:106): Warning: <h5> anchor "Arguments" already defined
doubleStandardSampler.html:127:1 (doubleStandardSampler.Rd:67): Warning: missing </ul> before </div>
doubleStandardSampler.html:104:1 (doubleStandardSampler.Rd:56): Warning: <h5> anchor "Usage" already defined
doubleStandardSampler.html:110:1 (doubleStandardSampler.Rd:60): Warning: <h5> anchor "Arguments" already defined
doubleStandardSampling_fit.html:202:1 (doubleStandardSampling_fit.Rd:109): Warning: missing </ul> before </div>
doubleStandardSampling_fit.html:119:1 (doubleStandardSampling_fit.Rd:62): Warning: <h5> anchor "Usage" already defined
doubleStandardSampling_fit.html:125:1 (doubleStandardSampling_fit.Rd:66): Warning: <h5> anchor "Arguments" already defined
doubleStandardSampling_fit.html:150:1 (doubleStandardSampling_fit.Rd:81): Warning: <h5> anchor "Usage" already defined
doubleStandardSampling_fit.html:156:1 (doubleStandardSampling_fit.Rd:85): Warning: <h5> anchor "Arguments" already defined
doubleStandardSampling_fit.html:179:1 (doubleStandardSampling_fit.Rd:98): Warning: <h5> anchor "Usage" already defined
doubleStandardSampling_fit.html:185:1 (doubleStandardSampling_fit.Rd:102): Warning: <h5> anchor "Arguments" already defined
dyadSampler.html:129:1 (dyadSampler.Rd:69): Warning: missing </ul> before </div>
dyadSampler.html:106:1 (dyadSampler.Rd:58): Warning: <h5> anchor "Usage" already defined
dyadSampler.html:112:1 (dyadSampler.Rd:62): Warning: <h5> anchor "Arguments" already defined
dyadSampling_fit.html:138:1 (dyadSampling_fit.Rd:73): Warning: missing </ul> before </div>
dyadSampling_fit.html:115:1 (dyadSampling_fit.Rd:62): Warning: <h5> anchor "Usage" already defined
dyadSampling_fit.html:121:1 (dyadSampling_fit.Rd:66): Warning: <h5> anchor "Arguments" already defined
missSBM_collection.html:131:1 (missSBM_collection.Rd:84): Warning: <h5> anchor "Usage" already defined
missSBM_collection.html:137:1 (missSBM_collection.Rd:88): Warning: <h5> anchor "Arguments" already defined
missSBM_collection.html:160:1 (missSBM_collection.Rd:101): Warning: <h5> anchor "Usage" already defined
missSBM_collection.html:166:1 (missSBM_collection.Rd:105): Warning: <h5> anchor "Arguments" already defined
missSBM_collection.html:189:1 (missSBM_collection.Rd:118): Warning: <h5> anchor "Usage" already defined
missSBM_collection.html:195:1 (missSBM_collection.Rd:122): Warning: <h5> anchor "Arguments" already defined
missSBM_collection.html:218:1 (missSBM_collection.Rd:135): Warning: <h5> anchor "Usage" already defined
missSBM_collection.html:234:1 (missSBM_collection.Rd:145): Warning: <h5> anchor "Usage" already defined
missSBM_collection.html:250:1 (missSBM_collection.Rd:155): Warning: <h5> anchor "Usage" already defined
missSBM_collection.html:256:1 (missSBM_collection.Rd:159): Warning: <h5> anchor "Arguments" already defined
missSBM_fit.html:135:1 (missSBM_fit.Rd:90): Warning: <h5> anchor "Usage" already defined
missSBM_fit.html:143:1 (missSBM_fit.Rd:96): Warning: <h5> anchor "Arguments" already defined
missSBM_fit.html:166:1 (missSBM_fit.Rd:109): Warning: <h5> anchor "Usage" already defined
missSBM_fit.html:182:1 (missSBM_fit.Rd:119): Warning: <h5> anchor "Usage" already defined
missSBM_fit.html:198:1 (missSBM_fit.Rd:129): Warning: <h5> anchor "Usage" already defined
missSBM_fit.html:204:1 (missSBM_fit.Rd:133): Warning: <h5> anchor "Arguments" already defined
networkSampler.html:128:1 (networkSampler.Rd:73): Warning: <h5> anchor "Usage" already defined
networkSampler.html:144:1 (networkSampler.Rd:83): Warning: <h5> anchor "Usage" already defined
networkSampler.html:150:1 (networkSampler.Rd:87): Warning: <h5> anchor "Arguments" already defined
networkSampling.html:187:1 (networkSampling.Rd:100): Warning: missing </ul> before </div>
networkSampling.html:117:1 (networkSampling.Rd:60): Warning: <h5> anchor "Usage" already defined
networkSampling.html:125:1 (networkSampling.Rd:66): Warning: <h5> anchor "Arguments" already defined
networkSampling.html:148:1 (networkSampling.Rd:79): Warning: <h5> anchor "Usage" already defined
networkSampling.html:164:1 (networkSampling.Rd:89): Warning: <h5> anchor "Usage" already defined
networkSampling.html:170:1 (networkSampling.Rd:93): Warning: <h5> anchor "Arguments" already defined
networkSamplingDyads_fit.html:220:1 (networkSamplingDyads_fit.Rd:119): Warning: missing </ul> before </div>
networkSamplingDyads_fit.html:123:1 (networkSamplingDyads_fit.Rd:64): Warning: <h5> anchor "Usage" already defined
networkSamplingDyads_fit.html:139:1 (networkSamplingDyads_fit.Rd:74): Warning: <h5> anchor "Usage" already defined
networkSamplingDyads_fit.html:145:1 (networkSamplingDyads_fit.Rd:78): Warning: <h5> anchor "Arguments" already defined
networkSamplingDyads_fit.html:168:1 (networkSamplingDyads_fit.Rd:91): Warning: <h5> anchor "Usage" already defined
networkSamplingDyads_fit.html:174:1 (networkSamplingDyads_fit.Rd:95): Warning: <h5> anchor "Arguments" already defined
networkSamplingDyads_fit.html:197:1 (networkSamplingDyads_fit.Rd:108): Warning: <h5> anchor "Usage" already defined
networkSamplingDyads_fit.html:203:1 (networkSamplingDyads_fit.Rd:112): Warning: <h5> anchor "Arguments" already defined
networkSamplingNodes_fit.html:220:1 (networkSamplingNodes_fit.Rd:119): Warning: missing </ul> before </div>
networkSamplingNodes_fit.html:123:1 (networkSamplingNodes_fit.Rd:64): Warning: <h5> anchor "Usage" already defined
networkSamplingNodes_fit.html:139:1 (networkSamplingNodes_fit.Rd:74): Warning: <h5> anchor "Usage" already defined
networkSamplingNodes_fit.html:145:1 (networkSamplingNodes_fit.Rd:78): Warning: <h5> anchor "Arguments" already defined
networkSamplingNodes_fit.html:168:1 (networkSamplingNodes_fit.Rd:91): Warning: <h5> anchor "Usage" already defined
networkSamplingNodes_fit.html:174:1 (networkSamplingNodes_fit.Rd:95): Warning: <h5> anchor "Arguments" already defined
networkSamplingNodes_fit.html:197:1 (networkSamplingNodes_fit.Rd:108): Warning: <h5> anchor "Usage" already defined
networkSamplingNodes_fit.html:203:1 (networkSamplingNodes_fit.Rd:112): Warning: <h5> anchor "Arguments" already defined
nodeSampler.html:92:1 (nodeSampler.Rd:46): Warning: missing </ul> before </div>
nodeSampling_fit.html:138:1 (nodeSampling_fit.Rd:73): Warning: missing </ul> before </div>
nodeSampling_fit.html:115:1 (nodeSampling_fit.Rd:62): Warning: <h5> anchor "Usage" already defined
nodeSampling_fit.html:121:1 (nodeSampling_fit.Rd:66): Warning: <h5> anchor "Arguments" already defined
partlyObservedNetwork.html:221:1 (partlyObservedNetwork.Rd:128): Warning: missing </ul> before </div>
partlyObservedNetwork.html:135:1 (partlyObservedNetwork.Rd:78): Warning: <h5> anchor "Usage" already defined
partlyObservedNetwork.html:144:1 (partlyObservedNetwork.Rd:85): Warning: <h5> anchor "Arguments" already defined
partlyObservedNetwork.html:169:1 (partlyObservedNetwork.Rd:100): Warning: <h5> anchor "Usage" already defined
partlyObservedNetwork.html:175:1 (partlyObservedNetwork.Rd:104): Warning: <h5> anchor "Arguments" already defined
partlyObservedNetwork.html:198:1 (partlyObservedNetwork.Rd:117): Warning: <h5> anchor "Usage" already defined
partlyObservedNetwork.html:204:1 (partlyObservedNetwork.Rd:121): Warning: <h5> anchor "Arguments" already defined
simpleDyadSampler.html:137:1 (simpleDyadSampler.Rd:77): Warning: missing </ul> before </div>
simpleDyadSampler.html:114:1 (simpleDyadSampler.Rd:66): Warning: <h5> anchor "Usage" already defined
simpleDyadSampler.html:120:1 (simpleDyadSampler.Rd:70): Warning: <h5> anchor "Arguments" already defined
simpleNodeSampler.html:137:1 (simpleNodeSampler.Rd:77): Warning: missing </ul> before </div>
simpleNodeSampler.html:114:1 (simpleNodeSampler.Rd:66): Warning: <h5> anchor "Usage" already defined
simpleNodeSampler.html:120:1 (simpleNodeSampler.Rd:70): Warning: <h5> anchor "Arguments" already defined
snowballSampler.html:127:1 (snowballSampler.Rd:67): Warning: missing </ul> before </div>
snowballSampler.html:104:1 (snowballSampler.Rd:56): Warning: <h5> anchor "Usage" already defined
snowballSampler.html:110:1 (snowballSampler.Rd:60): Warning: <h5> anchor "Arguments" already defined
Flavor: r-devel-linux-x86_64-debian-gcc
Version: 1.0.5
Check: installed package size
Result: NOTE
installed size is 7.0Mb
sub-directories of 1Mb or more:
libs 4.9Mb
Flavors: r-oldrel-macos-arm64, r-oldrel-macos-x86_64