Last updated on 2025-07-03 09:50:46 CEST.
Flavor | Version | Tinstall | Tcheck | Ttotal | Status | Flags |
---|---|---|---|---|---|---|
r-devel-linux-x86_64-debian-clang | 1.5.0 | 32.57 | 572.72 | 605.29 | NOTE | |
r-devel-linux-x86_64-debian-gcc | 1.5.0 | 16.64 | 347.57 | 364.21 | NOTE | |
r-devel-linux-x86_64-fedora-clang | 1.5.0 | 958.38 | NOTE | |||
r-devel-linux-x86_64-fedora-gcc | 1.5.1 | 559.49 | OK | |||
r-devel-windows-x86_64 | 1.5.1 | 23.00 | 284.00 | 307.00 | OK | |
r-patched-linux-x86_64 | 1.5.0 | 33.93 | 544.42 | 578.35 | NOTE | |
r-release-linux-x86_64 | 1.5.0 | 31.15 | 550.19 | 581.34 | NOTE | |
r-release-macos-arm64 | 1.5.0 | 201.00 | OK | |||
r-release-macos-x86_64 | 1.5.1 | 191.00 | OK | |||
r-release-windows-x86_64 | 1.5.0 | 31.00 | 471.00 | 502.00 | NOTE | |
r-oldrel-macos-arm64 | 1.5.0 | 200.00 | OK | |||
r-oldrel-macos-x86_64 | 1.5.1 | 184.00 | OK | |||
r-oldrel-windows-x86_64 | 1.5.0 | 43.00 | 677.00 | 720.00 | OK |
Version: 1.5.0
Check: Rd cross-references
Result: NOTE
Found the following Rd file(s) with Rd \link{} targets missing package
anchors:
pic.Rd: loo-package
Please provide package anchors for all Rd \link{} targets not in the
package itself and the base packages.
Flavors: r-devel-linux-x86_64-debian-clang, r-devel-linux-x86_64-debian-gcc, r-patched-linux-x86_64, r-release-linux-x86_64, r-release-windows-x86_64
Version: 1.5.0
Check: dependencies in R code
Result: NOTE
Namespace in Imports field not imported from: ‘mcmcr’
All declared Imports should be used.
Flavor: r-devel-linux-x86_64-fedora-clang