Last updated on 2025-10-22 09:50:40 CEST.
Flavor | Version | Tinstall | Tcheck | Ttotal | Status | Flags |
---|---|---|---|---|---|---|
r-devel-linux-x86_64-debian-clang | 0.0.6 | 13.53 | 171.74 | 185.27 | NOTE | |
r-devel-linux-x86_64-debian-gcc | 0.0.6 | 9.30 | 121.34 | 130.64 | NOTE | |
r-devel-linux-x86_64-fedora-clang | 0.0.6 | 40.00 | 242.11 | 282.11 | OK | |
r-devel-linux-x86_64-fedora-gcc | 0.0.6 | 29.00 | 244.02 | 273.02 | OK | |
r-devel-windows-x86_64 | 0.0.6 | 15.00 | 235.00 | 250.00 | OK | |
r-patched-linux-x86_64 | 0.0.6 | 16.10 | 165.71 | 181.81 | OK | |
r-release-linux-x86_64 | 0.0.6 | 13.51 | 165.47 | 178.98 | OK | |
r-release-macos-arm64 | 0.0.6 | 6.00 | 102.00 | 108.00 | OK | |
r-release-macos-x86_64 | 0.0.6 | 13.00 | 161.00 | 174.00 | OK | |
r-release-windows-x86_64 | 0.0.6 | 15.00 | 244.00 | 259.00 | OK | |
r-oldrel-macos-arm64 | 0.0.6 | 6.00 | 74.00 | 80.00 | OK | |
r-oldrel-macos-x86_64 | 0.0.6 | 17.00 | 193.00 | 210.00 | OK | |
r-oldrel-windows-x86_64 | 0.0.6 | 21.00 | 275.00 | 296.00 | OK |
Version: 0.0.6
Check: HTML version of manual
Result: NOTE
Found the following HTML validation problems:
is.composite.html:46:1 (is.composite.Rd:10): Warning: missing </ul> before </div>
is.contin.html:46:1 (is.contin.Rd:10): Warning: missing </ul> before </div>
is.discrete.html:46:1 (is.discrete.Rd:10): Warning: missing </ul> before </div>
is.dist.html:46:1 (is.dist.Rd:10): Warning: missing </ul> before </div>
is.mixture.html:46:1 (is.mixture.Rd:10): Warning: missing </ul> before </div>
is.standard.html:46:1 (is.standard.Rd:10): Warning: missing </ul> before </div>
is.transformed.html:46:1 (is.transformed.Rd:10): Warning: missing </ul> before </div>
Flavors: r-devel-linux-x86_64-debian-clang, r-devel-linux-x86_64-debian-gcc