Last updated on 2025-10-22 09:50:40 CEST.
Flavor | Version | Tinstall | Tcheck | Ttotal | Status | Flags |
---|---|---|---|---|---|---|
r-devel-linux-x86_64-debian-clang | 5.0 | 11.43 | 104.60 | 116.03 | NOTE | |
r-devel-linux-x86_64-debian-gcc | 5.0 | 9.53 | 85.45 | 94.98 | NOTE | |
r-devel-linux-x86_64-fedora-clang | 5.0 | 33.00 | 154.50 | 187.50 | OK | |
r-devel-linux-x86_64-fedora-gcc | 5.0 | 27.00 | 145.08 | 172.08 | OK | |
r-devel-windows-x86_64 | 5.0 | 13.00 | 103.00 | 116.00 | OK | |
r-patched-linux-x86_64 | 5.0 | 13.35 | 98.02 | 111.37 | OK | |
r-release-linux-x86_64 | 5.0 | 11.64 | 97.81 | 109.45 | OK | |
r-release-macos-arm64 | 5.0 | 8.00 | 59.00 | 67.00 | OK | |
r-release-macos-x86_64 | 5.0 | 14.00 | 82.00 | 96.00 | OK | |
r-release-windows-x86_64 | 5.0 | 13.00 | 105.00 | 118.00 | OK | |
r-oldrel-macos-arm64 | 5.0 | 8.00 | 59.00 | 67.00 | OK | |
r-oldrel-macos-x86_64 | 5.0 | 10.00 | 68.00 | 78.00 | OK | |
r-oldrel-windows-x86_64 | 5.0 | 16.00 | 130.00 | 146.00 | OK |
Version: 5.0
Check: CRAN incoming feasibility
Result: NOTE
Maintainer: ‘Charlotte Dion <charlotte.dion@upmc.fr>’
No Authors@R field in DESCRIPTION.
Please add one, modifying
Authors@R: c(person(given = "Charlotte",
family = "Dion",
role = c("aut", "cre"),
email = "charlotte.dion@upmc.fr"),
person(given = "Adeline",
family = "Sansom",
role = "aut"),
person(given = "Simone",
family = "Hermann",
role = "aut"))
as necessary.
Flavors: r-devel-linux-x86_64-debian-clang, r-devel-linux-x86_64-debian-gcc
Version: 5.0
Check: HTML version of manual
Result: NOTE
Found the following HTML validation problems:
chain2samples.html:54:1 (chain2samples.Rd:14): Warning: missing </ul> before </div>
diagnostic.html:50:1 (diagnostic.Rd:12): Warning: missing </ul> before </div>
Flavors: r-devel-linux-x86_64-debian-clang, r-devel-linux-x86_64-debian-gcc