Last updated on 2025-10-22 09:50:40 CEST.
Flavor | Version | Tinstall | Tcheck | Ttotal | Status | Flags |
---|---|---|---|---|---|---|
r-devel-linux-x86_64-debian-clang | 1.4.0 | 5.71 | 51.70 | 57.41 | NOTE | |
r-devel-linux-x86_64-debian-gcc | 1.4.0 | 3.78 | 35.15 | 38.93 | NOTE | |
r-devel-linux-x86_64-fedora-clang | 1.4.0 | 13.00 | 73.89 | 86.89 | OK | |
r-devel-linux-x86_64-fedora-gcc | 1.4.0 | 11.00 | 70.15 | 81.15 | OK | |
r-devel-windows-x86_64 | 1.4.0 | 5.00 | 78.00 | 83.00 | OK | |
r-patched-linux-x86_64 | 1.4.0 | 5.88 | 47.66 | 53.54 | OK | |
r-release-linux-x86_64 | 1.4.0 | 5.42 | 47.03 | 52.45 | OK | |
r-release-macos-arm64 | 1.4.0 | 2.00 | 24.00 | 26.00 | OK | |
r-release-macos-x86_64 | 1.4.0 | 5.00 | 57.00 | 62.00 | OK | |
r-release-windows-x86_64 | 1.4.0 | 6.00 | 67.00 | 73.00 | OK | |
r-oldrel-macos-arm64 | 1.4.0 | 2.00 | 23.00 | 25.00 | OK | |
r-oldrel-macos-x86_64 | 1.4.0 | 4.00 | 33.00 | 37.00 | OK | |
r-oldrel-windows-x86_64 | 1.4.0 | 6.00 | 79.00 | 85.00 | OK |
Version: 1.4.0
Check: CRAN incoming feasibility
Result: NOTE
Maintainer: ‘Xiangwei Zhu <xwzhunc@gmail.com>’
No Authors@R field in DESCRIPTION.
Please add one, modifying
Authors@R: person(given = "Xiangwei",
family = "Zhu",
role = c("aut", "cre"),
email = "xwzhunc@gmail.com")
as necessary.
Flavors: r-devel-linux-x86_64-debian-clang, r-devel-linux-x86_64-debian-gcc