CRAN Package Check Results for Package mlmts

Last updated on 2025-10-22 09:50:40 CEST.

Flavor Version Tinstall Tcheck Ttotal Status Flags
r-devel-linux-x86_64-debian-clang 1.1.2 11.11 126.95 138.06 OK
r-devel-linux-x86_64-debian-gcc 1.1.2 9.22 87.72 96.94 OK
r-devel-linux-x86_64-fedora-clang 1.1.2 61.00 178.38 239.38 NOTE
r-devel-linux-x86_64-fedora-gcc 1.1.2 24.00 189.23 213.23 NOTE
r-devel-windows-x86_64 1.1.2 17.00 146.00 163.00 OK
r-patched-linux-x86_64 1.1.2 13.93 134.48 148.41 OK
r-release-linux-x86_64 1.1.2 12.51 131.05 143.56 OK
r-release-macos-arm64 1.1.2 7.00 96.00 103.00 OK
r-release-macos-x86_64 1.1.2 16.00 145.00 161.00 OK
r-release-windows-x86_64 1.1.2 16.00 159.00 175.00 OK
r-oldrel-macos-arm64 1.1.2 7.00 134.00 141.00 NOTE
r-oldrel-macos-x86_64 1.1.2 21.00 162.00 183.00 NOTE
r-oldrel-windows-x86_64 1.1.2 20.00 183.00 203.00 NOTE

Check Details

Version: 1.1.2
Check: dependencies in R code
Result: NOTE Namespaces in Imports field not imported from: ‘ClusterR’ ‘MASS’ ‘Rdpack’ ‘multiwave’ ‘randomForest’ ‘ranger’ All declared Imports should be used. Flavors: r-devel-linux-x86_64-fedora-clang, r-devel-linux-x86_64-fedora-gcc

Version: 1.1.2
Check: package dependencies
Result: NOTE Packages suggested but not available for checking: 'ueadata1', 'ueadata2', 'ueadata3', 'ueadata4', 'ueadata5', 'ueadata6', 'ueadata7', 'ueadata8' Flavors: r-oldrel-macos-arm64, r-oldrel-macos-x86_64, r-oldrel-windows-x86_64