CRAN Package Check Results for Package mlr3summary

Last updated on 2025-07-03 09:50:46 CEST.

Flavor Version Tinstall Tcheck Ttotal Status Flags
r-devel-linux-x86_64-debian-clang 0.1.0 4.18 65.43 69.61 NOTE
r-devel-linux-x86_64-debian-gcc 0.1.0 3.14 43.68 46.82 NOTE
r-devel-linux-x86_64-fedora-clang 0.1.0 93.75 OK
r-devel-linux-x86_64-fedora-gcc 0.1.0 82.47 OK
r-devel-windows-x86_64 0.1.0 6.00 66.00 72.00 OK
r-patched-linux-x86_64 0.1.0 4.15 52.31 56.46 NOTE
r-release-linux-x86_64 0.1.0 4.06 52.83 56.89 NOTE
r-release-macos-arm64 0.1.0 35.00 OK
r-release-macos-x86_64 0.1.0 57.00 OK
r-release-windows-x86_64 0.1.0 6.00 65.00 71.00 OK
r-oldrel-macos-arm64 0.1.0 28.00 OK
r-oldrel-macos-x86_64 0.1.0 44.00 OK
r-oldrel-windows-x86_64 0.1.0 7.00 85.00 92.00 OK

Check Details

Version: 0.1.0
Check: for unstated dependencies in ‘demo’
Result: NOTE 'library' or 'require' calls not declared from: ‘future’ ‘mlr3tuning’ Flavors: r-devel-linux-x86_64-debian-clang, r-devel-linux-x86_64-debian-gcc, r-patched-linux-x86_64, r-release-linux-x86_64