Last updated on 2025-10-22 09:50:41 CEST.
Flavor | Version | Tinstall | Tcheck | Ttotal | Status | Flags |
---|---|---|---|---|---|---|
r-devel-linux-x86_64-debian-clang | 0.0.6 | 6.41 | 184.81 | 191.22 | NOTE | |
r-devel-linux-x86_64-debian-gcc | 0.0.6 | 4.60 | 152.83 | 157.43 | NOTE | |
r-devel-linux-x86_64-fedora-clang | 0.0.6 | 37.00 | 211.66 | 248.66 | OK | |
r-devel-linux-x86_64-fedora-gcc | 0.0.6 | 32.00 | 323.51 | 355.51 | OK | |
r-devel-windows-x86_64 | 0.0.6 | 7.00 | 347.00 | 354.00 | OK | |
r-patched-linux-x86_64 | 0.0.6 | 6.38 | 230.03 | 236.41 | OK | |
r-release-linux-x86_64 | 0.0.6 | 6.62 | 224.73 | 231.35 | OK | |
r-release-macos-arm64 | 0.0.6 | 3.00 | 119.00 | 122.00 | OK | |
r-release-macos-x86_64 | 0.0.6 | 6.00 | 249.00 | 255.00 | OK | |
r-release-windows-x86_64 | 0.0.6 | 8.00 | 354.00 | 362.00 | OK | |
r-oldrel-macos-arm64 | 0.0.6 | 3.00 | 122.00 | 125.00 | OK | |
r-oldrel-macos-x86_64 | 0.0.6 | 5.00 | 276.00 | 281.00 | OK | |
r-oldrel-windows-x86_64 | 0.0.6 | 11.00 | 494.00 | 505.00 | OK |
Version: 0.0.6
Check: HTML version of manual
Result: NOTE
Found the following HTML validation problems:
LearnerSurvCoxPHCox.html:117:1 (LearnerSurvCoxPHCox.Rd:130): Warning: <h5> anchor "Usage" already defined
LearnerSurvGlmnetCox.html:124:1 (LearnerSurvGlmnetCox.Rd:142): Warning: <h5> anchor "Usage" already defined
LearnerSurvRangerCox.html:124:1 (LearnerSurvRangerCox.Rd:145): Warning: <h5> anchor "Usage" already defined
LearnerSurvRpartCox.html:148:1 (LearnerSurvRpartCox.Rd:159): Warning: <h5> anchor "Usage" already defined
LearnerSurvXgboostAft.html:144:1 (LearnerSurvXgboostAft.Rd:166): Warning: <h5> anchor "Usage" already defined
LearnerSurvXgboostAft.html:150:1 (LearnerSurvXgboostAft.Rd:170): Warning: <h5> anchor "Arguments" already defined
LearnerSurvXgboostCox.html:140:1 (LearnerSurvXgboostCox.Rd:162): Warning: <h5> anchor "Usage" already defined
LearnerSurvXgboostCox.html:146:1 (LearnerSurvXgboostCox.Rd:166): Warning: <h5> anchor "Arguments" already defined
Flavors: r-devel-linux-x86_64-debian-clang, r-devel-linux-x86_64-debian-gcc