Last updated on 2025-10-22 09:50:41 CEST.
Flavor | Version | Tinstall | Tcheck | Ttotal | Status | Flags |
---|---|---|---|---|---|---|
r-devel-linux-x86_64-debian-clang | 3.40 | 23.19 | 224.42 | 247.61 | NOTE | |
r-devel-linux-x86_64-debian-gcc | 3.40 | 15.35 | 137.70 | 153.05 | NOTE | |
r-devel-linux-x86_64-fedora-clang | 3.40 | 70.00 | 343.39 | 413.39 | OK | |
r-devel-linux-x86_64-fedora-gcc | 3.40 | 58.00 | 320.44 | 378.44 | OK | |
r-devel-windows-x86_64 | 3.40 | 21.00 | 187.00 | 208.00 | OK | |
r-patched-linux-x86_64 | 3.40 | 25.03 | 212.15 | 237.18 | OK | |
r-release-linux-x86_64 | 3.40 | 24.69 | 210.49 | 235.18 | OK | |
r-release-macos-arm64 | 3.40 | 11.00 | 76.00 | 87.00 | OK | |
r-release-macos-x86_64 | 3.40 | 22.00 | 182.00 | 204.00 | OK | |
r-release-windows-x86_64 | 3.40 | 24.00 | 188.00 | 212.00 | OK | |
r-oldrel-macos-arm64 | 3.40 | 11.00 | 80.00 | 91.00 | OK | |
r-oldrel-macos-x86_64 | 3.40 | 20.00 | 174.00 | 194.00 | OK | |
r-oldrel-windows-x86_64 | 3.40 | 34.00 | 252.00 | 286.00 | OK |
Version: 3.40
Check: HTML version of manual
Result: NOTE
Found the following HTML validation problems:
optiThresh.html:147:1 (optiThresh.Rd:56): Warning: <h3> anchor "_sec_note" already defined
Flavors: r-devel-linux-x86_64-debian-clang, r-devel-linux-x86_64-debian-gcc