Last updated on 2025-07-04 09:49:56 CEST.
Flavor | Version | Tinstall | Tcheck | Ttotal | Status | Flags |
---|---|---|---|---|---|---|
r-devel-linux-x86_64-debian-clang | 0.8.10 | 40.11 | 222.72 | 262.83 | OK | |
r-devel-linux-x86_64-debian-gcc | 0.8.10 | 27.01 | 161.55 | 188.56 | OK | |
r-devel-linux-x86_64-fedora-clang | 0.8.10 | 422.45 | OK | |||
r-devel-linux-x86_64-fedora-gcc | 0.8.10 | 472.14 | OK | |||
r-devel-windows-x86_64 | 0.8.10 | 45.00 | 238.00 | 283.00 | OK | |
r-patched-linux-x86_64 | 0.8.10 | 41.23 | 223.02 | 264.25 | OK | |
r-release-linux-x86_64 | 0.8.10 | 37.80 | 221.02 | 258.82 | OK | |
r-release-macos-arm64 | 0.8.10 | 119.00 | OK | |||
r-release-macos-x86_64 | 0.8.10 | 197.00 | OK | |||
r-release-windows-x86_64 | 0.8.10 | 42.00 | 238.00 | 280.00 | OK | |
r-oldrel-macos-arm64 | 0.8.10 | 124.00 | NOTE | |||
r-oldrel-macos-x86_64 | 0.8.10 | 216.00 | NOTE | |||
r-oldrel-windows-x86_64 | 0.8.10 | 57.00 | 313.00 | 370.00 | OK |
Version: 0.8.10
Check: installed package size
Result: NOTE
installed size is 10.0Mb
sub-directories of 1Mb or more:
doc 1.5Mb
libs 7.2Mb
Flavors: r-oldrel-macos-arm64, r-oldrel-macos-x86_64