Last updated on 2025-10-22 09:50:41 CEST.
Flavor | Version | Tinstall | Tcheck | Ttotal | Status | Flags |
---|---|---|---|---|---|---|
r-devel-linux-x86_64-debian-clang | 0.2.2 | 1.57 | 21.86 | 23.43 | NOTE | |
r-devel-linux-x86_64-debian-gcc | 0.2.2 | 1.26 | 18.09 | 19.35 | NOTE | |
r-devel-linux-x86_64-fedora-clang | 0.2.2 | 33.19 | OK | |||
r-devel-linux-x86_64-fedora-gcc | 0.2.2 | 31.28 | OK | |||
r-devel-windows-x86_64 | 0.2.2 | 2.00 | 44.00 | 46.00 | OK | |
r-patched-linux-x86_64 | 0.2.2 | 1.59 | 19.69 | 21.28 | OK | |
r-release-linux-x86_64 | 0.2.2 | 1.54 | 19.73 | 21.27 | OK | |
r-release-macos-arm64 | 0.2.2 | 1.00 | 19.00 | 20.00 | OK | |
r-release-macos-x86_64 | 0.2.2 | 2.00 | 33.00 | 35.00 | OK | |
r-release-windows-x86_64 | 0.2.2 | 2.00 | 46.00 | 48.00 | OK | |
r-oldrel-macos-arm64 | 0.2.2 | 1.00 | 14.00 | 15.00 | OK | |
r-oldrel-macos-x86_64 | 0.2.2 | 1.00 | 21.00 | 22.00 | OK | |
r-oldrel-windows-x86_64 | 0.2.2 | 2.00 | 49.00 | 51.00 | OK |
Version: 0.2.2
Check: CRAN incoming feasibility
Result: NOTE
Maintainer: ‘Panos Rontogiannis <p.g.ronto@gmail.com>’
No Authors@R field in DESCRIPTION.
Please add one, modifying
Authors@R: person(given = "Panos",
family = "Rontogiannis",
role = c("aut", "cre"),
email = "p.g.ronto@gmail.com")
as necessary.
Flavors: r-devel-linux-x86_64-debian-clang, r-devel-linux-x86_64-debian-gcc