Last updated on 2025-07-03 09:50:47 CEST.
Flavor | Version | Tinstall | Tcheck | Ttotal | Status | Flags |
---|---|---|---|---|---|---|
r-devel-linux-x86_64-debian-clang | 0.99-3 | 18.25 | 57.08 | 75.33 | NOTE | |
r-devel-linux-x86_64-debian-gcc | 0.99-3 | 10.73 | 37.61 | 48.34 | NOTE | |
r-devel-linux-x86_64-fedora-clang | 0.99-3 | 117.44 | NOTE | |||
r-devel-linux-x86_64-fedora-gcc | 0.99-3 | 110.02 | NOTE | |||
r-devel-windows-x86_64 | 0.99-3 | 15.00 | 66.00 | 81.00 | NOTE | |
r-patched-linux-x86_64 | 0.99-3 | 17.18 | 53.29 | 70.47 | NOTE | |
r-release-linux-x86_64 | 0.99-3 | 15.13 | 52.99 | 68.12 | NOTE | |
r-release-macos-arm64 | 0.99-3 | 33.00 | NOTE | |||
r-release-macos-x86_64 | 0.99-3 | 62.00 | NOTE | |||
r-release-windows-x86_64 | 0.99-3 | 15.00 | 66.00 | 81.00 | NOTE | |
r-oldrel-macos-arm64 | 0.99-3 | 31.00 | OK | |||
r-oldrel-macos-x86_64 | 0.99-3 | 49.00 | OK | |||
r-oldrel-windows-x86_64 | 0.99-3 | 16.00 | 79.00 | 95.00 | OK |
Version: 0.99-3
Check: DESCRIPTION meta-information
Result: NOTE
Missing dependency on R >= 4.1.0 because package code uses the pipe
|> or function shorthand \(...) syntax added in R 4.1.0.
File(s) using such syntax:
‘mlgraph.Rd’
Flavors: r-devel-linux-x86_64-debian-clang, r-devel-linux-x86_64-debian-gcc, r-devel-linux-x86_64-fedora-clang, r-devel-linux-x86_64-fedora-gcc, r-devel-windows-x86_64, r-patched-linux-x86_64, r-release-linux-x86_64, r-release-macos-arm64, r-release-macos-x86_64, r-release-windows-x86_64