CRAN Package Check Results for Package mvProbit

Last updated on 2025-07-03 09:50:47 CEST.

Flavor Version Tinstall Tcheck Ttotal Status Flags
r-devel-linux-x86_64-debian-clang 0.1-10 3.87 167.19 171.06 NOTE
r-devel-linux-x86_64-debian-gcc 0.1-10 2.50 105.01 107.51 NOTE
r-devel-linux-x86_64-fedora-clang 0.1-10 276.77 OK
r-devel-linux-x86_64-fedora-gcc 0.1-10 283.86 OK
r-devel-windows-x86_64 0.1-10 5.00 179.00 184.00 OK
r-patched-linux-x86_64 0.1-10 3.95 166.68 170.63 OK
r-release-linux-x86_64 0.1-10 3.65 167.18 170.83 OK
r-release-macos-arm64 0.1-10 72.00 OK
r-release-macos-x86_64 0.1-10 158.00 OK
r-release-windows-x86_64 0.1-10 5.00 180.00 185.00 OK
r-oldrel-macos-arm64 0.1-10 69.00 OK
r-oldrel-macos-x86_64 0.1-10 118.00 OK
r-oldrel-windows-x86_64 0.1-10 6.00 241.00 247.00 OK

Check Details

Version: 0.1-10
Check: CRAN incoming feasibility
Result: NOTE Maintainer: ‘Arne Henningsen <arne.henningsen@gmail.com>’ No Authors@R field in DESCRIPTION. Please add one, modifying Authors@R: person(given = "Arne", family = "Henningsen", role = c("aut", "cre"), email = "arne.henningsen@gmail.com") as necessary. Flavors: r-devel-linux-x86_64-debian-clang, r-devel-linux-x86_64-debian-gcc