Last updated on 2025-10-22 09:50:42 CEST.
Flavor | Version | Tinstall | Tcheck | Ttotal | Status | Flags |
---|---|---|---|---|---|---|
r-devel-linux-x86_64-debian-clang | 1.2 | 4.32 | 35.51 | 39.83 | OK | |
r-devel-linux-x86_64-debian-gcc | 1.2 | 3.64 | 29.55 | 33.19 | OK | |
r-devel-linux-x86_64-fedora-clang | 1.2 | 20.00 | 44.46 | 64.46 | OK | |
r-devel-linux-x86_64-fedora-gcc | 1.2 | 57.37 | OK | |||
r-devel-windows-x86_64 | 1.2 | 273.00 | 61.00 | 334.00 | OK | |
r-patched-linux-x86_64 | 1.1 | 3.51 | 34.01 | 37.52 | NOTE | |
r-release-linux-x86_64 | 1.2 | 4.27 | 34.39 | 38.66 | OK | |
r-release-macos-arm64 | 1.2 | 2.00 | 19.00 | 21.00 | OK | |
r-release-macos-x86_64 | 1.2 | 4.00 | 33.00 | 37.00 | OK | |
r-release-windows-x86_64 | 1.2 | 274.00 | 224.00 | 498.00 | OK | |
r-oldrel-macos-arm64 | 1.2 | 2.00 | 23.00 | 25.00 | OK | |
r-oldrel-macos-x86_64 | 1.2 | 3.00 | 36.00 | 39.00 | OK | |
r-oldrel-windows-x86_64 | 1.2 | 7.00 | 60.00 | 67.00 | OK |
Version: 1.1
Check: Rd cross-references
Result: NOTE
Found the following Rd file(s) with Rd \link{} targets missing package
anchors:
mvhist.Rd: mvmesh, SolidRectangle, mvhist, V2Hrep
mvhistMisc.Rd: V2Hrep
Please provide package anchors for all Rd \link{} targets not in the
package itself and the base packages.
Flavor: r-patched-linux-x86_64