Last updated on 2025-10-22 09:50:42 CEST.
Flavor | Version | Tinstall | Tcheck | Ttotal | Status | Flags |
---|---|---|---|---|---|---|
r-devel-linux-x86_64-debian-clang | 1.4.0 | 17.25 | 69.21 | 86.46 | NOTE | |
r-devel-linux-x86_64-debian-gcc | 1.4.0 | 9.94 | 46.11 | 56.05 | NOTE | |
r-devel-linux-x86_64-fedora-clang | 1.4.0 | 44.00 | 98.89 | 142.89 | NOTE | |
r-devel-linux-x86_64-fedora-gcc | 1.4.0 | 34.00 | 110.36 | 144.36 | NOTE | |
r-devel-windows-x86_64 | 1.4.0 | 16.00 | 81.00 | 97.00 | NOTE | |
r-patched-linux-x86_64 | 1.4.0 | 15.52 | 64.52 | 80.04 | NOTE | |
r-release-linux-x86_64 | 1.4.0 | 15.68 | 64.11 | 79.79 | NOTE | |
r-release-macos-arm64 | 1.4.0 | 6.00 | 32.00 | 38.00 | NOTE | |
r-release-macos-x86_64 | 1.4.0 | 18.00 | 110.00 | 128.00 | NOTE | |
r-release-windows-x86_64 | 1.4.0 | 16.00 | 83.00 | 99.00 | NOTE | |
r-oldrel-macos-arm64 | 1.4.0 | 5.00 | 34.00 | 39.00 | NOTE | |
r-oldrel-macos-x86_64 | 1.4.0 | 11.00 | 51.00 | 62.00 | NOTE | |
r-oldrel-windows-x86_64 | 1.4.0 | 23.00 | 102.00 | 125.00 | NOTE |
Version: 1.4.0
Check: Rd files
Result: NOTE
checkRd: (-1) mzipmed_data.Rd:22: Lost braces; missing escapes or markup?
22 | @source {Simulated to serve as an example}
| ^
Flavors: r-devel-linux-x86_64-debian-clang, r-devel-linux-x86_64-debian-gcc, r-devel-linux-x86_64-fedora-clang, r-devel-linux-x86_64-fedora-gcc, r-devel-windows-x86_64, r-patched-linux-x86_64, r-release-linux-x86_64, r-release-macos-arm64, r-release-macos-x86_64, r-release-windows-x86_64, r-oldrel-macos-arm64, r-oldrel-macos-x86_64, r-oldrel-windows-x86_64