Last updated on 2025-07-04 09:49:57 CEST.
Flavor | Version | Tinstall | Tcheck | Ttotal | Status | Flags |
---|---|---|---|---|---|---|
r-devel-linux-x86_64-debian-clang | 0.3.12 | 53.11 | 67.68 | 120.79 | OK | |
r-devel-linux-x86_64-debian-gcc | 0.3.12 | 40.34 | 49.61 | 89.95 | OK | |
r-devel-linux-x86_64-fedora-clang | 0.3.12 | 196.17 | OK | |||
r-devel-linux-x86_64-fedora-gcc | 0.3.12 | 215.38 | OK | |||
r-devel-windows-x86_64 | 0.3.12 | 56.00 | 106.00 | 162.00 | OK | |
r-patched-linux-x86_64 | 0.3.12 | 60.06 | 63.35 | 123.41 | OK | |
r-release-linux-x86_64 | 0.3.12 | 56.13 | 62.85 | 118.98 | OK | |
r-release-macos-arm64 | 0.3.12 | 97.00 | OK | |||
r-release-macos-x86_64 | 0.3.12 | 92.00 | OK | |||
r-release-windows-x86_64 | 0.3.12 | 58.00 | 111.00 | 169.00 | OK | |
r-oldrel-macos-arm64 | 0.3.12 | 61.00 | NOTE | |||
r-oldrel-macos-x86_64 | 0.3.12 | 97.00 | OK | |||
r-oldrel-windows-x86_64 | 0.3.12 | 69.00 | 128.00 | 197.00 | OK |
Version: 0.3.12
Check: installed package size
Result: NOTE
installed size is 5.2Mb
sub-directories of 1Mb or more:
libs 4.2Mb
Flavor: r-oldrel-macos-arm64