Last updated on 2025-10-22 09:50:42 CEST.
Flavor | Version | Tinstall | Tcheck | Ttotal | Status | Flags |
---|---|---|---|---|---|---|
r-devel-linux-x86_64-debian-clang | 1.0.1 | 8.70 | 66.68 | 75.38 | NOTE | |
r-devel-linux-x86_64-debian-gcc | 1.0.1 | 5.86 | 49.77 | 55.63 | NOTE | |
r-devel-linux-x86_64-fedora-clang | 1.0.1 | 27.00 | 93.77 | 120.77 | OK | |
r-devel-linux-x86_64-fedora-gcc | 1.0.1 | 20.00 | 133.99 | 153.99 | OK | |
r-devel-windows-x86_64 | 1.0.1 | 10.00 | 80.00 | 90.00 | OK | |
r-patched-linux-x86_64 | 1.0.1 | 10.36 | 64.17 | 74.53 | OK | |
r-release-linux-x86_64 | 1.0.1 | 9.27 | 64.61 | 73.88 | OK | |
r-release-macos-arm64 | 1.0.1 | 5.00 | 50.00 | 55.00 | OK | |
r-release-macos-x86_64 | 1.0.1 | 16.00 | 106.00 | 122.00 | OK | |
r-release-windows-x86_64 | 1.0.1 | 10.00 | 81.00 | 91.00 | OK | |
r-oldrel-macos-arm64 | 1.0.1 | 5.00 | 39.00 | 44.00 | OK | |
r-oldrel-macos-x86_64 | 1.0.1 | 16.00 | 82.00 | 98.00 | OK | |
r-oldrel-windows-x86_64 | 1.0.1 | 13.00 | 97.00 | 110.00 | OK |
Version: 1.0.1
Check: CRAN incoming feasibility
Result: NOTE
Maintainer: ‘Frank W. Marrs <frank.marrs@colostate.edu>’
The Description field contains
<arXiv:1701.05530>.
Please refer to arXiv e-prints via their arXiv DOI <doi:10.48550/arXiv.YYMM.NNNNN>.
Flavors: r-devel-linux-x86_64-debian-clang, r-devel-linux-x86_64-debian-gcc
Version: 1.0.1
Check: HTML version of manual
Result: NOTE
Found the following HTML validation problems:
coef.lmnet.html:51:1 (coef.lmnet.Rd:12): Warning: missing </ul> before </div>
model.matrix.lmnet.html:51:1 (model.matrix.lmnet.Rd:12): Warning: missing </ul> before </div>
plot.lmnet.html:51:1 (plot.lmnet.Rd:12): Warning: missing </ul> before </div>
print.lmnet.html:51:1 (print.lmnet.Rd:12): Warning: missing </ul> before </div>
print.summary.lmnet.html:51:1 (print.summary.lmnet.Rd:12): Warning: missing </ul> before </div>
print.summary.vnet.html:51:1 (print.summary.vnet.Rd:12): Warning: missing </ul> before </div>
print.vnet.html:51:1 (print.vnet.Rd:12): Warning: missing </ul> before </div>
summary.lmnet.html:51:1 (summary.lmnet.Rd:12): Warning: missing </ul> before </div>
summary.vnet.html:51:1 (summary.vnet.Rd:12): Warning: missing </ul> before </div>
vcov.lmnet.html:51:1 (vcov.lmnet.Rd:12): Warning: missing </ul> before </div>
Flavors: r-devel-linux-x86_64-debian-clang, r-devel-linux-x86_64-debian-gcc