CRAN Package Check Results for Package network

Last updated on 2025-10-22 09:50:42 CEST.

Flavor Version Tinstall Tcheck Ttotal Status Flags
r-devel-linux-x86_64-debian-clang 1.19.0 13.14 89.84 102.98 NOTE
r-devel-linux-x86_64-debian-gcc 1.19.0 9.24 61.84 71.08 NOTE
r-devel-linux-x86_64-fedora-clang 1.19.0 35.00 117.22 152.22 OK
r-devel-linux-x86_64-fedora-gcc 1.19.0 29.00 132.79 161.79 OK
r-devel-windows-x86_64 1.19.0 18.00 117.00 135.00 OK
r-patched-linux-x86_64 1.19.0 13.66 83.87 97.53 OK
r-release-linux-x86_64 1.19.0 13.48 84.23 97.71 OK
r-release-macos-arm64 1.19.0 9.00 79.00 88.00 OK
r-release-macos-x86_64 1.19.0 13.00 92.00 105.00 OK
r-release-windows-x86_64 1.19.0 19.00 122.00 141.00 OK
r-oldrel-macos-arm64 1.19.0 6.00 48.00 54.00 OK
r-oldrel-macos-x86_64 1.19.0 14.00 93.00 107.00 OK
r-oldrel-windows-x86_64 1.19.0 26.00 140.00 166.00 OK

Check Details

Version: 1.19.0
Check: HTML version of manual
Result: NOTE Found the following HTML validation problems: as.data.frame.network.html:94:1 (as.data.frame.network.Rd:42): Warning: missing </ul> before </div> Flavors: r-devel-linux-x86_64-debian-clang, r-devel-linux-x86_64-debian-gcc