Last updated on 2025-10-22 09:50:42 CEST.
Flavor | Version | Tinstall | Tcheck | Ttotal | Status | Flags |
---|---|---|---|---|---|---|
r-devel-linux-x86_64-debian-clang | 0.1.1 | 15.30 | 210.26 | 225.56 | NOTE | |
r-devel-linux-x86_64-debian-gcc | 0.1.1 | 11.91 | 145.51 | 157.42 | NOTE | |
r-devel-linux-x86_64-fedora-clang | 0.1.1 | 35.00 | 320.88 | 355.88 | OK | |
r-devel-linux-x86_64-fedora-gcc | 0.1.1 | 32.00 | 327.61 | 359.61 | OK | |
r-devel-windows-x86_64 | 0.1.1 | 17.00 | 224.00 | 241.00 | OK | |
r-patched-linux-x86_64 | 0.1.1 | 14.75 | 200.47 | 215.22 | OK | |
r-release-linux-x86_64 | 0.1.1 | 15.65 | 199.60 | 215.25 | OK | |
r-release-macos-arm64 | 0.1.1 | 6.00 | 105.00 | 111.00 | OK | |
r-release-macos-x86_64 | 0.1.1 | 12.00 | 172.00 | 184.00 | OK | |
r-release-windows-x86_64 | 0.1.1 | 16.00 | 228.00 | 244.00 | OK | |
r-oldrel-macos-arm64 | 0.1.1 | 6.00 | 89.00 | 95.00 | OK | |
r-oldrel-macos-x86_64 | 0.1.1 | 9.00 | 132.00 | 141.00 | OK | |
r-oldrel-windows-x86_64 | 0.1.1 | 23.00 | 276.00 | 299.00 | OK |
Version: 0.1.1
Check: HTML version of manual
Result: NOTE
Found the following HTML validation problems:
predict.npcs.html:55:1 (predict.npcs.Rd:14): Warning: missing </ul> before </div>
print.cv.npcs.html:51:1 (print.cv.npcs.Rd:12): Warning: missing </ul> before </div>
Flavors: r-devel-linux-x86_64-debian-clang, r-devel-linux-x86_64-debian-gcc