Last updated on 2025-10-22 09:50:42 CEST.
Flavor | Version | Tinstall | Tcheck | Ttotal | Status | Flags |
---|---|---|---|---|---|---|
r-devel-linux-x86_64-debian-clang | 2.1 | 11.43 | 238.20 | 249.63 | NOTE | |
r-devel-linux-x86_64-debian-gcc | 2.1 | 8.09 | 174.95 | 183.04 | NOTE | |
r-devel-linux-x86_64-fedora-clang | 2.1 | 48.00 | 311.21 | 359.21 | OK | |
r-devel-linux-x86_64-fedora-gcc | 2.1 | 24.00 | 342.22 | 366.22 | OK | |
r-devel-windows-x86_64 | 2.1 | 14.00 | 229.00 | 243.00 | OK | |
r-patched-linux-x86_64 | 2.1 | 11.37 | 228.95 | 240.32 | OK | |
r-release-linux-x86_64 | 2.1 | 10.93 | 228.69 | 239.62 | OK | |
r-release-macos-arm64 | 2.1 | 5.00 | 82.00 | 87.00 | OK | |
r-release-macos-x86_64 | 2.1 | 10.00 | 152.00 | 162.00 | OK | |
r-release-windows-x86_64 | 2.1 | 13.00 | 235.00 | 248.00 | OK | |
r-oldrel-macos-arm64 | 2.1 | 5.00 | 87.00 | 92.00 | OK | |
r-oldrel-macos-x86_64 | 2.1 | 7.00 | 145.00 | 152.00 | OK | |
r-oldrel-windows-x86_64 | 2.1 | 18.00 | 302.00 | 320.00 | OK |
Version: 2.1
Check: CRAN incoming feasibility
Result: NOTE
Maintainer: ‘Robin Ristl <robin.ristl@meduniwien.ac.at>’
Package CITATION file contains call(s) to old-style personList() or
as.personList(). Please use c() on person objects instead.
Package CITATION file contains call(s) to old-style citEntry(). Please
use bibentry() instead.
Flavors: r-devel-linux-x86_64-debian-clang, r-devel-linux-x86_64-debian-gcc
Version: 2.1
Check: HTML version of manual
Result: NOTE
Found the following HTML validation problems:
m2r.html:47:1 (m2r.Rd:10): Warning: missing </ul> before </div>
plot_diagram.html:83:1 (plot_diagram.Rd:33): Warning: missing </ul> before </div>
plot_shhr.html:67:1 (plot_shhr.Rd:20): Warning: missing </ul> before </div>
Flavors: r-devel-linux-x86_64-debian-clang, r-devel-linux-x86_64-debian-gcc