Last updated on 2025-10-22 09:50:43 CEST.
Flavor | Version | Tinstall | Tcheck | Ttotal | Status | Flags |
---|---|---|---|---|---|---|
r-devel-linux-x86_64-debian-clang | 1.1.0 | 15.95 | 88.02 | 103.97 | NOTE | |
r-devel-linux-x86_64-debian-gcc | 1.1.0 | 10.13 | 56.98 | 67.11 | NOTE | |
r-devel-linux-x86_64-fedora-clang | 1.1.0 | 72.00 | 94.82 | 166.82 | OK | |
r-devel-linux-x86_64-fedora-gcc | 1.1.0 | 31.00 | 121.85 | 152.85 | OK | |
r-devel-windows-x86_64 | 1.1.0 | 14.00 | 99.00 | 113.00 | OK | |
r-patched-linux-x86_64 | 1.1.0 | 15.92 | 85.81 | 101.73 | OK | |
r-release-linux-x86_64 | 1.1.0 | 14.98 | 83.44 | 98.42 | OK | |
r-release-macos-arm64 | 1.1.0 | 8.00 | 36.00 | 44.00 | OK | |
r-release-macos-x86_64 | 1.1.0 | 18.00 | 76.00 | 94.00 | OK | |
r-release-windows-x86_64 | 1.1.0 | 16.00 | 102.00 | 118.00 | OK | |
r-oldrel-macos-arm64 | 1.1.0 | 6.00 | 31.00 | 37.00 | OK | |
r-oldrel-macos-x86_64 | 1.1.0 | 10.00 | 50.00 | 60.00 | OK | |
r-oldrel-windows-x86_64 | 1.1.0 | 15.00 | 123.00 | 138.00 | OK |
Version: 1.1.0
Check: CRAN incoming feasibility
Result: NOTE
Maintainer: ‘Nathaniel E. Helwig <helwig@umn.edu>’
No Authors@R field in DESCRIPTION.
Please add one, modifying
Authors@R: person(given = c("Nathaniel", "E."),
family = "Helwig",
role = c("aut", "cre"),
email = "helwig@umn.edu")
as necessary.
Flavors: r-devel-linux-x86_64-debian-clang, r-devel-linux-x86_64-debian-gcc