CRAN Package Check Results for Package nuggets

Last updated on 2025-07-04 09:49:57 CEST.

Flavor Version Tinstall Tcheck Ttotal Status Flags
r-devel-linux-x86_64-debian-clang 1.4.0 114.12 91.01 205.13 NOTE
r-devel-linux-x86_64-debian-gcc 1.4.0 100.63 64.08 164.71 NOTE
r-devel-linux-x86_64-fedora-clang 1.4.0 408.20 NOTE
r-devel-linux-x86_64-fedora-gcc 1.4.0 410.79 NOTE
r-devel-windows-x86_64 1.4.0 147.00 135.00 282.00 NOTE
r-patched-linux-x86_64 1.4.0 142.02 81.95 223.97 NOTE
r-release-linux-x86_64 1.4.0 139.44 82.69 222.13 NOTE
r-release-macos-arm64 1.4.0 82.00 NOTE
r-release-macos-x86_64 1.4.0 134.00 OK
r-release-windows-x86_64 1.4.0 150.00 128.00 278.00 NOTE
r-oldrel-macos-arm64 1.4.0 121.00 NOTE
r-oldrel-macos-x86_64 1.4.0 137.00 NOTE
r-oldrel-windows-x86_64 1.4.0 177.00 164.00 341.00 OK

Check Details

Version: 1.4.0
Check: DESCRIPTION meta-information
Result: NOTE Missing dependency on R >= 4.1.0 because package code uses the pipe |> or function shorthand \(...) syntax added in R 4.1.0. File(s) using such syntax: ‘partition.Rd’ Flavors: r-devel-linux-x86_64-debian-clang, r-devel-linux-x86_64-debian-gcc, r-devel-linux-x86_64-fedora-clang, r-devel-linux-x86_64-fedora-gcc, r-devel-windows-x86_64, r-patched-linux-x86_64, r-release-linux-x86_64, r-release-macos-arm64, r-release-windows-x86_64

Version: 1.4.0
Check: installed package size
Result: NOTE installed size is 14.7Mb sub-directories of 1Mb or more: libs 14.3Mb Flavors: r-oldrel-macos-arm64, r-oldrel-macos-x86_64