CRAN Package Check Results for Package numbers

Last updated on 2025-10-22 09:50:43 CEST.

Flavor Version Tinstall Tcheck Ttotal Status Flags
r-devel-linux-x86_64-debian-clang 0.8-5 4.21 36.79 41.00 NOTE
r-devel-linux-x86_64-debian-gcc 0.8-5 2.53 27.85 30.38 NOTE
r-devel-linux-x86_64-fedora-clang 0.8-5 59.96 OK
r-devel-linux-x86_64-fedora-gcc 0.8-5 59.33 OK
r-devel-windows-x86_64 0.8-5 6.00 60.00 66.00 OK
r-patched-linux-x86_64 0.8-5 4.51 34.54 39.05 OK
r-release-linux-x86_64 0.8-5 3.15 34.55 37.70 OK
r-release-macos-arm64 0.8-5 2.00 21.00 23.00 OK
r-release-macos-x86_64 0.8-5 3.00 35.00 38.00 OK
r-release-windows-x86_64 0.8-5 8.00 64.00 72.00 OK
r-oldrel-macos-arm64 0.8-5 2.00 32.00 34.00 OK
r-oldrel-macos-x86_64 0.8-5 3.00 27.00 30.00 OK
r-oldrel-windows-x86_64 0.8-5 8.00 69.00 77.00 OK

Check Details

Version: 0.8-5
Check: CRAN incoming feasibility
Result: NOTE Maintainer: ‘Hans W. Borchers <hwborchers@googlemail.com>’ No Authors@R field in DESCRIPTION. Please add one, modifying Authors@R: c(person(given = c("Hans", "Werner"), family = "Borchers", role = "aut"), person(given = c("Hans", "W."), family = "Borchers", role = "cre", email = "hwborchers@googlemail.com")) as necessary. Flavors: r-devel-linux-x86_64-debian-clang, r-devel-linux-x86_64-debian-gcc