Last updated on 2025-10-22 09:50:43 CEST.
Flavor | Version | Tinstall | Tcheck | Ttotal | Status | Flags |
---|---|---|---|---|---|---|
r-devel-linux-x86_64-debian-clang | 2.1.0 | 5.17 | 39.87 | 45.04 | NOTE | |
r-devel-linux-x86_64-debian-gcc | 2.1.0 | 3.27 | 30.74 | 34.01 | NOTE | |
r-devel-linux-x86_64-fedora-clang | 2.1.0 | 12.00 | 52.84 | 64.84 | OK | |
r-devel-linux-x86_64-fedora-gcc | 2.1.0 | 11.00 | 50.55 | 61.55 | OK | |
r-devel-windows-x86_64 | 2.1.0 | 6.00 | 56.00 | 62.00 | OK | |
r-patched-linux-x86_64 | 2.1.0 | 4.15 | 36.69 | 40.84 | OK | |
r-release-linux-x86_64 | 2.1.0 | 4.49 | 37.15 | 41.64 | OK | |
r-release-macos-arm64 | 2.1.0 | 2.00 | 19.00 | 21.00 | OK | |
r-release-macos-x86_64 | 2.1.0 | 5.00 | 41.00 | 46.00 | OK | |
r-release-windows-x86_64 | 2.1.0 | 8.00 | 56.00 | 64.00 | OK | |
r-oldrel-macos-arm64 | 2.1.0 | 2.00 | 21.00 | 23.00 | OK | |
r-oldrel-macos-x86_64 | 2.1.0 | 6.00 | 52.00 | 58.00 | OK | |
r-oldrel-windows-x86_64 | 2.1.0 | 7.00 | 67.00 | 74.00 | OK |
Version: 2.1.0
Check: CRAN incoming feasibility
Result: NOTE
Maintainer: ‘Finnbar Lee <lee.finnbar@gmail.com>’
Package CITATION file contains call(s) to old-style personList() or
as.personList(). Please use c() on person objects instead.
Package CITATION file contains call(s) to old-style citEntry(). Please
use bibentry() instead.
Flavors: r-devel-linux-x86_64-debian-clang, r-devel-linux-x86_64-debian-gcc