Last updated on 2025-10-22 09:50:43 CEST.
Flavor | Version | Tinstall | Tcheck | Ttotal | Status | Flags |
---|---|---|---|---|---|---|
r-devel-linux-x86_64-debian-clang | 0.2.0 | 4.78 | 66.02 | 70.80 | NOTE | |
r-devel-linux-x86_64-debian-gcc | 0.2.0 | 3.97 | 51.18 | 55.15 | NOTE | |
r-devel-linux-x86_64-fedora-clang | 0.2.0 | 12.00 | 96.55 | 108.55 | OK | |
r-devel-linux-x86_64-fedora-gcc | 0.2.0 | 13.00 | 108.02 | 121.02 | OK | |
r-devel-windows-x86_64 | 0.2.0 | 8.00 | 84.00 | 92.00 | OK | |
r-patched-linux-x86_64 | 0.2.0 | 5.80 | 62.40 | 68.20 | OK | |
r-release-linux-x86_64 | 0.2.0 | 5.17 | 62.61 | 67.78 | OK | |
r-release-macos-arm64 | 0.2.0 | 2.00 | 33.00 | 35.00 | OK | |
r-release-macos-x86_64 | 0.2.0 | 4.00 | 57.00 | 61.00 | OK | |
r-release-windows-x86_64 | 0.2.0 | 8.00 | 82.00 | 90.00 | OK | |
r-oldrel-macos-arm64 | 0.2.0 | 2.00 | 32.00 | 34.00 | OK | |
r-oldrel-macos-x86_64 | 0.2.0 | 4.00 | 50.00 | 54.00 | OK | |
r-oldrel-windows-x86_64 | 0.2.0 | 10.00 | 98.00 | 108.00 | OK |
Version: 0.2.0
Check: CRAN incoming feasibility
Result: NOTE
Maintainer: ‘Luke Miller <contact@lukemiller.org>’
Package CITATION file contains call(s) to old-style personList() or
as.personList(). Please use c() on person objects instead.
Package CITATION file contains call(s) to old-style citEntry(). Please
use bibentry() instead.
Flavors: r-devel-linux-x86_64-debian-clang, r-devel-linux-x86_64-debian-gcc
Version: 0.2.0
Check: HTML version of manual
Result: NOTE
Found the following HTML validation problems:
plotWaveSpectrum.html:51:1 (plotWaveSpectrum.Rd:13): Warning: missing </ul> before </div>
Flavors: r-devel-linux-x86_64-debian-clang, r-devel-linux-x86_64-debian-gcc