Last updated on 2025-10-22 09:50:43 CEST.
Flavor | Version | Tinstall | Tcheck | Ttotal | Status | Flags |
---|---|---|---|---|---|---|
r-devel-linux-x86_64-debian-clang | 0.1.4 | 22.98 | 81.96 | 104.94 | NOTE | |
r-devel-linux-x86_64-debian-gcc | 0.1.4 | 16.38 | 56.15 | 72.53 | NOTE | |
r-devel-linux-x86_64-fedora-clang | 0.1.4 | 54.00 | 111.27 | 165.27 | OK | |
r-devel-linux-x86_64-fedora-gcc | 0.1.4 | 47.00 | 109.24 | 156.24 | OK | |
r-devel-windows-x86_64 | 0.1.4 | 30.00 | 112.00 | 142.00 | OK | |
r-patched-linux-x86_64 | 0.1.4 | 23.74 | 75.78 | 99.52 | OK | |
r-release-linux-x86_64 | 0.1.4 | 22.17 | 74.74 | 96.91 | OK | |
r-release-macos-arm64 | 0.1.4 | 10.00 | 36.00 | 46.00 | OK | |
r-release-macos-x86_64 | 0.1.4 | 14.00 | 70.00 | 84.00 | OK | |
r-release-windows-x86_64 | 0.1.4 | 31.00 | 112.00 | 143.00 | OK | |
r-oldrel-macos-arm64 | 0.1.4 | 10.00 | 41.00 | 51.00 | OK | |
r-oldrel-macos-x86_64 | 0.1.4 | 13.00 | 74.00 | 87.00 | OK | |
r-oldrel-windows-x86_64 | 0.1.4 | 34.00 | 136.00 | 170.00 | OK |
Version: 0.1.4
Check: HTML version of manual
Result: NOTE
Found the following HTML validation problems:
NEWS.html:91:73 (NEWS.Rd:47): Warning: missing </p> before <a>
NEWS.html:91:5 (NEWS.Rd:47): Warning: missing </a> before <a>
NEWS.html:91:192 (NEWS.Rd:47): Warning: inserting implicit <p>
NEWS.html:91:196 (NEWS.Rd:47): Warning: discarding unexpected </a>
NEWS.html:92:73 (NEWS.Rd:47): Warning: missing </p> before <a>
NEWS.html:92:5 (NEWS.Rd:47): Warning: missing </a> before <a>
NEWS.html:92:192 (NEWS.Rd:47): Warning: inserting implicit <p>
NEWS.html:92:196 (NEWS.Rd:47): Warning: discarding unexpected </a>
NEWS.html:93:73 (NEWS.Rd:47): Warning: missing </p> before <a>
NEWS.html:93:5 (NEWS.Rd:47): Warning: missing </a> before <a>
NEWS.html:93:192 (NEWS.Rd:47): Warning: inserting implicit <p>
NEWS.html:93:196 (NEWS.Rd:47): Warning: discarding unexpected </a>
NEWS.html:94:73 (NEWS.Rd:47): Warning: missing </p> before <a>
NEWS.html:94:5 (NEWS.Rd:47): Warning: missing </a> before <a>
NEWS.html:94:192 (NEWS.Rd:47): Warning: inserting implicit <p>
NEWS.html:94:196 (NEWS.Rd:47): Warning: discarding unexpected </a>
NEWS.html:95:81 (NEWS.Rd:47): Warning: missing </p> before <a>
NEWS.html:95:5 (NEWS.Rd:47): Warning: missing </a> before <a>
NEWS.html:95:208 (NEWS.Rd:47): Warning: inserting implicit <p>
NEWS.html:95:212 (NEWS.Rd:47): Warning: discarding unexpected </a>
NEWS.html:91:73 (NEWS.Rd:47): Warning: trimming empty <p>
NEWS.html:91:192 (NEWS.Rd:47): Warning: trimming empty <p>
NEWS.html:92:73 (NEWS.Rd:47): Warning: trimming empty <p>
NEWS.html:92:192 (NEWS.Rd:47): Warning: trimming empty <p>
NEWS.html:93:73 (NEWS.Rd:47): Warning: trimming empty <p>
NEWS.html:93:192 (NEWS.Rd:47): Warning: trimming empty <p>
NEWS.html:94:73 (NEWS.Rd:47): Warning: trimming empty <p>
NEWS.html:94:192 (NEWS.Rd:47): Warning: trimming empty <p>
NEWS.html:95:81 (NEWS.Rd:47): Warning: trimming empty <p>
NEWS.html:95:208 (NEWS.Rd:47): Warning: trimming empty <p>
Flavors: r-devel-linux-x86_64-debian-clang, r-devel-linux-x86_64-debian-gcc