Last updated on 2025-10-21 09:48:40 CEST.
Flavor | Version | Tinstall | Tcheck | Ttotal | Status | Flags |
---|---|---|---|---|---|---|
r-devel-linux-x86_64-debian-clang | 0.1.1 | 6.73 | 32.33 | 39.06 | OK | |
r-devel-linux-x86_64-debian-gcc | 0.1.1 | 4.33 | 25.12 | 29.45 | NOTE | |
r-devel-linux-x86_64-fedora-clang | 0.1.1 | 56.05 | OK | |||
r-devel-linux-x86_64-fedora-gcc | 0.1.1 | 53.90 | OK | |||
r-devel-windows-x86_64 | 0.1.1 | 8.00 | 54.00 | 62.00 | OK | |
r-patched-linux-x86_64 | 0.1.1 | 7.15 | 29.36 | 36.51 | OK | |
r-release-linux-x86_64 | 0.1.1 | 6.56 | 29.40 | 35.96 | OK | |
r-release-macos-arm64 | 0.1.1 | 21.00 | OK | |||
r-release-macos-x86_64 | 0.1.1 | 38.00 | OK | |||
r-release-windows-x86_64 | 0.1.1 | 9.00 | 56.00 | 65.00 | OK | |
r-oldrel-macos-arm64 | 0.1.1 | 20.00 | OK | |||
r-oldrel-macos-x86_64 | 0.1.1 | 36.00 | OK | |||
r-oldrel-windows-x86_64 | 0.1.1 | 11.00 | 60.00 | 71.00 | OK |
Version: 0.1.1
Check: HTML version of manual
Result: NOTE
Found the following HTML validation problems:
restAPI.html:142:1 (restAPI.Rd:101): Warning: <h5> anchor "Usage" already defined
restAPI.html:158:1 (restAPI.Rd:111): Warning: <h5> anchor "Usage" already defined
restAPI.html:164:1 (restAPI.Rd:115): Warning: <h5> anchor "Arguments" already defined
restAPI.html:191:1 (restAPI.Rd:132): Warning: <h5> anchor "Usage" already defined
restAPI.html:197:1 (restAPI.Rd:136): Warning: <h5> anchor "Arguments" already defined
restAPI.html:222:1 (restAPI.Rd:151): Warning: <h5> anchor "Usage" already defined
restAPI.html:228:1 (restAPI.Rd:155): Warning: <h5> anchor "Arguments" already defined
restAPI.html:257:1 (restAPI.Rd:174): Warning: <h5> anchor "Usage" already defined
restAPI.html:263:1 (restAPI.Rd:178): Warning: <h5> anchor "Arguments" already defined
restAPI.html:288:1 (restAPI.Rd:193): Warning: <h5> anchor "Usage" already defined
restAPI.html:294:1 (restAPI.Rd:197): Warning: <h5> anchor "Arguments" already defined
restAPI.html:319:1 (restAPI.Rd:212): Warning: <h5> anchor "Usage" already defined
restAPI.html:325:1 (restAPI.Rd:216): Warning: <h5> anchor "Arguments" already defined
restAPI.html:354:1 (restAPI.Rd:235): Warning: <h5> anchor "Usage" already defined
restAPI.html:360:1 (restAPI.Rd:239): Warning: <h5> anchor "Arguments" already defined
restAPIaccount.html:196:1 (restAPIaccount.Rd:108): Warning: missing </ul> before </div>
restAPIaccount.html:111:1 (restAPIaccount.Rd:59): Warning: <h5> anchor "Usage" already defined
restAPIaccount.html:117:1 (restAPIaccount.Rd:63): Warning: <h5> anchor "Arguments" already defined
restAPIaccount.html:142:1 (restAPIaccount.Rd:78): Warning: <h5> anchor "Usage" already defined
restAPIaccount.html:148:1 (restAPIaccount.Rd:82): Warning: <h5> anchor "Arguments" already defined
restAPIaccount.html:173:1 (restAPIaccount.Rd:97): Warning: <h5> anchor "Usage" already defined
restAPIaccount.html:179:1 (restAPIaccount.Rd:101): Warning: <h5> anchor "Arguments" already defined
restAPImarket.html:166:1 (restAPImarket.Rd:92): Warning: missing </ul> before </div>
restAPImarket.html:110:1 (restAPImarket.Rd:60): Warning: <h5> anchor "Usage" already defined
restAPImarket.html:116:1 (restAPImarket.Rd:64): Warning: <h5> anchor "Arguments" already defined
restAPImarket.html:143:1 (restAPImarket.Rd:81): Warning: <h5> anchor "Usage" already defined
restAPImarket.html:149:1 (restAPImarket.Rd:85): Warning: <h5> anchor "Arguments" already defined
restAPItrade.html:188:1 (restAPItrade.Rd:114): Warning: missing </ul> before </div>
restAPItrade.html:128:1 (restAPItrade.Rd:78): Warning: <h5> anchor "Usage" already defined
restAPItrade.html:134:1 (restAPItrade.Rd:82): Warning: <h5> anchor "Arguments" already defined
restAPItrade.html:165:1 (restAPItrade.Rd:103): Warning: <h5> anchor "Usage" already defined
restAPItrade.html:171:1 (restAPItrade.Rd:107): Warning: <h5> anchor "Arguments" already defined
websocketAPIprivate.html:145:1 (websocketAPIprivate.Rd:102): Warning: <h5> anchor "Usage" already defined
websocketAPIprivate.html:161:1 (websocketAPIprivate.Rd:112): Warning: <h5> anchor "Usage" already defined
websocketAPIprivate.html:167:1 (websocketAPIprivate.Rd:116): Warning: <h5> anchor "Arguments" already defined
websocketAPIprivate.html:190:1 (websocketAPIprivate.Rd:129): Warning: <h5> anchor "Usage" already defined
websocketAPIprivate.html:196:1 (websocketAPIprivate.Rd:133): Warning: <h5> anchor "Arguments" already defined
websocketAPIprivate.html:221:1 (websocketAPIprivate.Rd:148): Warning: <h5> anchor "Usage" already defined
websocketAPIprivate.html:237:1 (websocketAPIprivate.Rd:158): Warning: <h5> anchor "Usage" already defined
websocketAPIprivate.html:253:1 (websocketAPIprivate.Rd:168): Warning: <h5> anchor "Usage" already defined
websocketAPIprivate.html:259:1 (websocketAPIprivate.Rd:172): Warning: <h5> anchor "Arguments" already defined
websocketAPIprivate.html:284:1 (websocketAPIprivate.Rd:187): Warning: <h5> anchor "Usage" already defined
websocketAPIprivate.html:290:1 (websocketAPIprivate.Rd:191): Warning: <h5> anchor "Arguments" already defined
websocketAPIprivate.html:314:1 (websocketAPIprivate.Rd:205): Warning: <h5> anchor "Usage" already defined
websocketAPIprivate.html:320:1 (websocketAPIprivate.Rd:209): Warning: <h5> anchor "Arguments" already defined
websocketAPIprivate.html:345:1 (websocketAPIprivate.Rd:224): Warning: <h5> anchor "Usage" already defined
websocketAPIprivate.html:351:1 (websocketAPIprivate.Rd:228): Warning: <h5> anchor "Arguments" already defined
websocketAPIprivate.html:374:1 (websocketAPIprivate.Rd:241): Warning: <h5> anchor "Usage" already defined
websocketAPIprivate.html:380:1 (websocketAPIprivate.Rd:245): Warning: <h5> anchor "Arguments" already defined
websocketAPIprivate.html:403:1 (websocketAPIprivate.Rd:258): Warning: <h5> anchor "Usage" already defined
websocketAPIprivate.html:419:1 (websocketAPIprivate.Rd:268): Warning: <h5> anchor "Usage" already defined
websocketAPIprivate.html:425:1 (websocketAPIprivate.Rd:272): Warning: <h5> anchor "Arguments" already defined
websocketAPIpublic.html:121:1 (websocketAPIpublic.Rd:84): Warning: <h5> anchor "Usage" already defined
websocketAPIpublic.html:137:1 (websocketAPIpublic.Rd:94): Warning: <h5> anchor "Usage" already defined
websocketAPIpublic.html:143:1 (websocketAPIpublic.Rd:98): Warning: <h5> anchor "Arguments" already defined
websocketAPIpublic.html:168:1 (websocketAPIpublic.Rd:113): Warning: <h5> anchor "Usage" already defined
websocketAPIpublic.html:174:1 (websocketAPIpublic.Rd:117): Warning: <h5> anchor "Arguments" already defined
websocketAPIpublic.html:198:1 (websocketAPIpublic.Rd:131): Warning: <h5> anchor "Usage" already defined
websocketAPIpublic.html:204:1 (websocketAPIpublic.Rd:135): Warning: <h5> anchor "Arguments" already defined
websocketAPIpublic.html:229:1 (websocketAPIpublic.Rd:150): Warning: <h5> anchor "Usage" already defined
websocketAPIpublic.html:235:1 (websocketAPIpublic.Rd:154): Warning: <h5> anchor "Arguments" already defined
websocketAPIpublic.html:258:1 (websocketAPIpublic.Rd:167): Warning: <h5> anchor "Usage" already defined
websocketAPIpublic.html:264:1 (websocketAPIpublic.Rd:171): Warning: <h5> anchor "Arguments" already defined
websocketAPIpublic.html:287:1 (websocketAPIpublic.Rd:184): Warning: <h5> anchor "Usage" already defined
websocketAPIpublic.html:303:1 (websocketAPIpublic.Rd:194): Warning: <h5> anchor "Usage" already defined
websocketAPIpublic.html:309:1 (websocketAPIpublic.Rd:198): Warning: <h5> anchor "Arguments" already defined
Flavor: r-devel-linux-x86_64-debian-gcc